CRAN Package Check Results for Package GLMcat

Last updated on 2021-07-22 22:52:04 CEST.

Flavor Version Tinstall Tcheck Ttotal Status Flags
r-devel-linux-x86_64-debian-clang 0.2.3 152.98 46.61 199.59 OK
r-devel-linux-x86_64-debian-gcc 0.2.3 115.22 39.42 154.64 OK
r-devel-linux-x86_64-fedora-clang 0.2.3 294.52 NOTE
r-devel-linux-x86_64-fedora-gcc 0.2.3 279.67 OK
r-devel-windows-x86_64 0.2.3 130.00 69.00 199.00 OK
r-devel-windows-x86_64-gcc10-UCRT 0.2.3 OK
r-patched-linux-x86_64 0.2.3 OK
r-patched-solaris-x86 0.2.3 235.20 OK
r-release-linux-x86_64 0.2.3 138.23 48.38 186.61 OK
r-release-macos-arm64 0.2.3 NOTE
r-release-macos-x86_64 0.2.3 NOTE
r-release-windows-ix86+x86_64 0.2.3 348.00 82.00 430.00 OK
r-oldrel-macos-x86_64 0.2.3 NOTE
r-oldrel-windows-ix86+x86_64 0.2.3 355.00 102.00 457.00 OK

Check Details

Version: 0.2.3
Check: installed package size
Result: NOTE
     installed size is 18.9Mb
     sub-directories of 1Mb or more:
     libs 18.5Mb
Flavors: r-devel-linux-x86_64-fedora-clang, r-release-macos-arm64, r-release-macos-x86_64, r-oldrel-macos-x86_64