CRAN Package Check Results for Package GMCM

Last updated on 2021-10-20 23:50:11 CEST.

Flavor Version Tinstall Tcheck Ttotal Status Flags
r-devel-linux-x86_64-debian-clang 1.4 35.61 191.94 227.55 OK
r-devel-linux-x86_64-debian-gcc 1.4 26.98 139.30 166.28 OK
r-devel-linux-x86_64-fedora-clang 1.4 293.50 OK
r-devel-linux-x86_64-fedora-gcc 1.4 274.89 OK
r-devel-windows-x86_64 1.4 45.00 289.00 334.00 OK
r-devel-windows-x86_64-gcc10-UCRT 1.4 OK
r-patched-linux-x86_64 1.4 27.27 186.01 213.28 OK
r-patched-solaris-x86 1.4 353.20 OK
r-release-linux-x86_64 1.4 31.83 186.57 218.40 OK
r-release-macos-arm64 1.4 NOTE
r-release-macos-x86_64 1.4 OK
r-release-windows-ix86+x86_64 1.4 61.00 394.00 455.00 OK
r-oldrel-macos-x86_64 1.4 OK
r-oldrel-windows-ix86+x86_64 1.4 85.00 408.00 493.00 OK

Check Details

Version: 1.4
Check: installed package size
Result: NOTE
     installed size is 5.2Mb
     sub-directories of 1Mb or more:
     data 1.2Mb
     doc 1.1Mb
     libs 2.5Mb
Flavor: r-release-macos-arm64