CRAN Package Check Results for Package GMMAT

Last updated on 2021-05-17 22:56:25 CEST.

Flavor Version Tinstall Tcheck Ttotal Status Flags
r-devel-linux-x86_64-debian-clang 1.3.1 81.56 529.07 610.63 OK
r-devel-linux-x86_64-debian-gcc 1.3.1 64.95 402.87 467.82 OK
r-devel-linux-x86_64-fedora-clang 1.3.1 789.76 NOTE
r-devel-linux-x86_64-fedora-gcc 1.3.1 767.87 OK
r-devel-windows-ix86+x86_64 1.3.1 195.00 595.00 790.00 NOTE
r-devel-windows-x86_64-gcc10-UCRT 1.3.1 NOTE
r-patched-linux-x86_64 1.3.1 72.71 515.55 588.26 OK
r-release-linux-x86_64 1.3.1 74.24 497.02 571.26 OK
r-release-macos-x86_64 1.3.1 NOTE
r-release-windows-ix86+x86_64 1.3.1 138.00 606.00 744.00 NOTE
r-oldrel-macos-x86_64 1.3.1 ERROR
r-oldrel-windows-ix86+x86_64 1.3.1 130.00 650.00 780.00 NOTE

Check Details

Version: 1.3.1
Check: installed package size
Result: NOTE
     installed size is 7.4Mb
     sub-directories of 1Mb or more:
     libs 5.5Mb
Flavors: r-devel-linux-x86_64-fedora-clang, r-devel-windows-ix86+x86_64, r-release-macos-x86_64, r-release-windows-ix86+x86_64

Version: 1.3.1
Check: package dependencies
Result: NOTE
    Package suggested but not available for checking: 'doMC'
Flavors: r-devel-windows-ix86+x86_64, r-devel-windows-x86_64-gcc10-UCRT, r-release-windows-ix86+x86_64, r-oldrel-windows-ix86+x86_64

Version: 1.3.1
Check: whether package can be installed
Result: ERROR
    Installation failed.
Flavor: r-oldrel-macos-x86_64