Last updated on 2023-10-04 00:01:48 CEST.
Flavor | Version | Tinstall | Tcheck | Ttotal | Status | Flags |
---|---|---|---|---|---|---|
r-devel-linux-x86_64-debian-clang | 1.0.2.1 | 18.49 | 123.87 | 142.36 | OK | |
r-devel-linux-x86_64-debian-gcc | 1.0.2.1 | 13.93 | 92.33 | 106.26 | OK | |
r-devel-linux-x86_64-fedora-clang | 1.0.2.1 | 168.73 | NOTE | |||
r-devel-linux-x86_64-fedora-gcc | 1.0.2.1 | 179.97 | NOTE | |||
r-devel-windows-x86_64 | 1.0.2.1 | 16.00 | 115.00 | 131.00 | OK | |
r-patched-linux-x86_64 | 1.0.2.1 | 10.53 | 116.89 | 127.42 | OK | |
r-release-linux-x86_64 | 1.0.2.1 | 13.66 | 119.17 | 132.83 | OK | |
r-release-macos-arm64 | 1.0.2.1 | 60.00 | OK | |||
r-release-macos-x86_64 | 1.0.2.1 | 98.00 | OK | |||
r-release-windows-x86_64 | 1.0.2.1 | 21.00 | 141.00 | 162.00 | OK | |
r-oldrel-macos-arm64 | 1.0.2.1 | 64.00 | NOTE | |||
r-oldrel-macos-x86_64 | 1.0.2.1 | 87.00 | NOTE | |||
r-oldrel-windows-x86_64 | 1.0.2.1 | 23.00 | 149.00 | 172.00 | OK |
Version: 1.0.2.1
Check: dependencies in R code
Result: NOTE
Namespaces in Imports field not imported from:
‘base’ ‘methods’
All declared Imports should be used.
Flavors: r-devel-linux-x86_64-fedora-clang, r-devel-linux-x86_64-fedora-gcc, r-oldrel-macos-arm64, r-oldrel-macos-x86_64