Last updated on 2024-04-19 22:55:47 CEST.
Flavor | Version | Tinstall | Tcheck | Ttotal | Status | Flags |
---|---|---|---|---|---|---|
r-devel-linux-x86_64-debian-clang | 1.0.2.1 | 11.99 | 120.76 | 132.75 | OK | |
r-devel-linux-x86_64-debian-gcc | 1.0.2.1 | OK | ||||
r-devel-linux-x86_64-fedora-clang | 1.0.2.1 | 167.84 | NOTE | |||
r-devel-linux-x86_64-fedora-gcc | 1.0.2.1 | 160.62 | NOTE | |||
r-prerel-macos-arm64 | 1.0.2.1 | 54.00 | OK | |||
r-prerel-windows-x86_64 | 1.0.2.1 | 16.00 | 112.00 | 128.00 | OK | |
r-patched-linux-x86_64 | 1.0.2.1 | 15.73 | 113.20 | 128.93 | OK | |
r-release-linux-x86_64 | 1.0.2.1 | 13.14 | 118.22 | 131.36 | OK | |
r-release-macos-arm64 | 1.0.2.1 | 60.00 | OK | |||
r-release-macos-x86_64 | 1.0.2.1 | 98.00 | OK | |||
r-release-windows-x86_64 | 1.0.2.1 | 20.00 | 140.00 | 160.00 | OK | |
r-oldrel-macos-arm64 | 1.0.2.1 | 64.00 | NOTE | |||
r-oldrel-windows-x86_64 | 1.0.2.1 | 22.00 | 148.00 | 170.00 | OK |
Version: 1.0.2.1
Check: dependencies in R code
Result: NOTE
Namespaces in Imports field not imported from:
‘base’ ‘methods’
All declared Imports should be used.
Flavors: r-devel-linux-x86_64-fedora-clang, r-devel-linux-x86_64-fedora-gcc, r-oldrel-macos-arm64