CRAN Package Check Results for Package GOGANPA

Last updated on 2021-07-31 22:53:31 CEST.

Flavor Version Tinstall Tcheck Ttotal Status Flags
r-devel-linux-x86_64-debian-clang 1.0 26.85 263.61 290.46 NOTE
r-devel-linux-x86_64-debian-gcc 1.0 23.01 204.96 227.97 NOTE
r-devel-linux-x86_64-fedora-clang 1.0 367.57 NOTE
r-devel-linux-x86_64-fedora-gcc 1.0 350.95 NOTE
r-devel-windows-x86_64 1.0 47.00 310.00 357.00 NOTE
r-devel-windows-x86_64-gcc10-UCRT 1.0 NOTE
r-patched-linux-x86_64 1.0 NOTE
r-patched-solaris-x86 1.0 552.90 NOTE
r-release-linux-x86_64 1.0 23.63 259.94 283.57 NOTE
r-release-macos-arm64 1.0 ERROR
r-release-macos-x86_64 1.0 ERROR
r-release-windows-ix86+x86_64 1.0 59.00 228.00 287.00 NOTE
r-oldrel-macos-x86_64 1.0 NOTE
r-oldrel-windows-ix86+x86_64 1.0 39.00 289.00 328.00 NOTE

Check Details

Version: 1.0
Check: DESCRIPTION meta-information
Result: NOTE
    Packages listed in more than one of Depends, Imports, Suggests, Enhances:
     'GANPA' 'WGCNA'
    A package should be listed in only one of these fields.
Flavors: r-devel-linux-x86_64-debian-clang, r-devel-linux-x86_64-debian-gcc, r-devel-linux-x86_64-fedora-clang, r-devel-linux-x86_64-fedora-gcc, r-devel-windows-x86_64, r-devel-windows-x86_64-gcc10-UCRT, r-patched-linux-x86_64, r-patched-solaris-x86, r-release-linux-x86_64, r-release-windows-ix86+x86_64, r-oldrel-macos-x86_64, r-oldrel-windows-ix86+x86_64

Version: 1.0
Check: dependencies in R code
Result: NOTE
    'library' or 'require' calls to packages already attached by Depends:
     'GANPA' 'WGCNA'
     Please remove these calls from your code.
    Packages in Depends field not imported from:
     'GANPA' 'WGCNA'
     These packages need to be imported from (in the NAMESPACE file)
     for when this namespace is loaded but not attached.
Flavors: r-devel-linux-x86_64-debian-clang, r-devel-linux-x86_64-debian-gcc, r-devel-linux-x86_64-fedora-clang, r-devel-linux-x86_64-fedora-gcc, r-devel-windows-x86_64, r-devel-windows-x86_64-gcc10-UCRT, r-patched-linux-x86_64, r-patched-solaris-x86, r-release-linux-x86_64, r-release-windows-ix86+x86_64, r-oldrel-macos-x86_64, r-oldrel-windows-ix86+x86_64

Version: 1.0
Check: R code for possible problems
Result: NOTE
    GOGANPA: no visible global function definition for 'GSE.Test.Main'
    selectRho: no visible global function definition for
     'scaleFreeFitIndex'
    Undefined global functions or variables:
     GSE.Test.Main scaleFreeFitIndex
Flavors: r-devel-linux-x86_64-debian-clang, r-devel-linux-x86_64-debian-gcc, r-devel-linux-x86_64-fedora-clang, r-devel-linux-x86_64-fedora-gcc, r-devel-windows-x86_64, r-devel-windows-x86_64-gcc10-UCRT, r-patched-linux-x86_64, r-patched-solaris-x86, r-release-linux-x86_64, r-release-windows-ix86+x86_64, r-oldrel-macos-x86_64, r-oldrel-windows-ix86+x86_64

Version: 1.0
Check: for non-standard things in the check directory
Result: NOTE
    Found the following files/directories:
     'GOGANPAResult.MeanAbs.MultiW.csv' 'GOGANPAResult.MeanAbs.NoW.csv'
     'GOGANPAResult.MeanAbs.OrigW.csv'
Flavors: r-devel-linux-x86_64-debian-clang, r-devel-linux-x86_64-debian-gcc, r-devel-linux-x86_64-fedora-clang, r-devel-linux-x86_64-fedora-gcc, r-patched-linux-x86_64, r-patched-solaris-x86, r-release-linux-x86_64

Version: 1.0
Check: package dependencies
Result: ERROR
    Package required but not available: ‘WGCNA’
    
    Package suggested but not available for checking: ‘WGCNA’
    
    See section ‘The DESCRIPTION file’ in the ‘Writing R Extensions’
    manual.
Flavors: r-release-macos-arm64, r-release-macos-x86_64