CRAN Package Check Results for Package GPareto

Last updated on 2021-06-18 22:54:29 CEST.

Flavor Version Tinstall Tcheck Ttotal Status Flags
r-devel-linux-x86_64-debian-clang 1.1.6 39.19 144.41 183.60 OK --no-vignettes
r-devel-linux-x86_64-debian-gcc 1.1.6 28.53 108.35 136.88 OK --no-vignettes
r-devel-linux-x86_64-fedora-clang 1.1.6 238.23 NOTE --no-vignettes
r-devel-linux-x86_64-fedora-gcc 1.1.6 222.18 OK --no-vignettes
r-devel-windows-x86_64 1.1.6 53.00 157.00 210.00 OK --no-vignettes
r-devel-windows-x86_64-gcc10-UCRT 1.1.6 OK
r-patched-linux-x86_64 1.1.6 34.91 137.69 172.60 OK --no-vignettes
r-patched-solaris-x86 1.1.6 267.80 OK --no-vignettes
r-release-linux-x86_64 1.1.6 35.78 139.37 175.15 OK --no-vignettes
r-release-macos-arm64 1.1.6 OK
r-release-macos-x86_64 1.1.6 OK
r-release-windows-ix86+x86_64 1.1.6 88.00 184.00 272.00 OK --no-vignettes
r-oldrel-macos-x86_64 1.1.6 OK
r-oldrel-windows-ix86+x86_64 1.1.6 63.00 251.00 314.00 OK --no-vignettes

Check Details

Version: 1.1.6
Flags: --no-vignettes
Check: Rd cross-references
Result: NOTE
    Undeclared package ‘DiceOptim’ in Rd xrefs
Flavor: r-devel-linux-x86_64-fedora-clang