CRAN Package Check Results for Package GPoM

Last updated on 2021-10-20 23:50:11 CEST.

Flavor Version Tinstall Tcheck Ttotal Status Flags
r-devel-linux-x86_64-debian-clang 1.3 10.14 729.86 740.00 OK
r-devel-linux-x86_64-debian-gcc 1.3 6.92 499.70 506.62 OK
r-devel-linux-x86_64-fedora-clang 1.3 856.34 NOTE
r-devel-linux-x86_64-fedora-gcc 1.3 854.55 OK
r-devel-windows-x86_64 1.3 16.00 132.00 148.00 NOTE --no-vignettes
r-devel-windows-x86_64-gcc10-UCRT 1.3 OK
r-patched-linux-x86_64 1.3 8.98 704.52 713.50 OK
r-patched-solaris-x86 1.3 211.40 NOTE
r-release-linux-x86_64 1.3 8.73 716.92 725.65 OK
r-release-macos-arm64 1.3 NOTE
r-release-macos-x86_64 1.3 NOTE
r-release-windows-ix86+x86_64 1.3 15.00 152.00 167.00 NOTE --no-vignettes
r-oldrel-macos-x86_64 1.3 NOTE
r-oldrel-windows-ix86+x86_64 1.3 19.00 156.00 175.00 NOTE --no-vignettes

Check Details

Version: 1.3
Check: installed package size
Result: NOTE
     installed size is 5.5Mb
     sub-directories of 1Mb or more:
     data 1.6Mb
     doc 3.5Mb
Flavors: r-devel-linux-x86_64-fedora-clang, r-patched-solaris-x86, r-release-macos-arm64, r-release-macos-x86_64, r-oldrel-macos-x86_64

Version: 1.3
Flags: --no-vignettes
Check: installed package size
Result: NOTE
     installed size is 5.5Mb
     sub-directories of 1Mb or more:
     data 1.6Mb
     doc 3.5Mb
Flavors: r-devel-windows-x86_64, r-release-windows-ix86+x86_64, r-oldrel-windows-ix86+x86_64