CRAN Package Check Results for Package GPrank

Last updated on 2021-09-18 23:49:54 CEST.

Flavor Version Tinstall Tcheck Ttotal Status Flags
r-devel-linux-x86_64-debian-clang 0.1.4 12.88 153.44 166.32 NOTE
r-devel-linux-x86_64-debian-gcc 0.1.4 9.41 111.49 120.90 NOTE
r-devel-linux-x86_64-fedora-clang 0.1.4 216.35 NOTE
r-devel-linux-x86_64-fedora-gcc 0.1.4 185.80 NOTE
r-devel-windows-x86_64 0.1.4 15.00 138.00 153.00 OK
r-devel-windows-x86_64-gcc10-UCRT 0.1.4 OK
r-patched-linux-x86_64 0.1.4 13.14 141.91 155.05 NOTE
r-patched-solaris-x86 0.1.4 207.50 NOTE
r-release-linux-x86_64 0.1.4 9.74 141.58 151.32 NOTE
r-release-macos-arm64 0.1.4 OK
r-release-macos-x86_64 0.1.4 OK
r-release-windows-ix86+x86_64 0.1.4 31.00 178.00 209.00 OK
r-oldrel-macos-x86_64 0.1.4 OK
r-oldrel-windows-ix86+x86_64 0.1.4 31.00 180.00 211.00 OK

Check Details

Version: 0.1.4
Check: for non-standard things in the check directory
Result: NOTE
    Found the following files/directories:
     'geneA_GPprofile.pdf' 'geneA_abstr.png' 'geneA_gene.png'
     'geneA_reltr.png' 'geneB_abstr.png' 'geneB_gene.png'
     'geneB_reltr.png' 'geneC_abstr.png' 'geneC_gene.png'
     'geneC_reltr.png' 'testdb.sqlite'
Flavors: r-devel-linux-x86_64-debian-clang, r-devel-linux-x86_64-debian-gcc, r-devel-linux-x86_64-fedora-clang, r-devel-linux-x86_64-fedora-gcc, r-patched-linux-x86_64, r-patched-solaris-x86, r-release-linux-x86_64