Last updated on 2023-09-25 22:12:40 CEST.
Flavor | Version | Tinstall | Tcheck | Ttotal | Status | Flags |
---|---|---|---|---|---|---|
r-devel-linux-x86_64-debian-clang | 0.1.4 | 146.15 | 82.14 | 228.29 | NOTE | |
r-devel-linux-x86_64-debian-gcc | 0.1.4 | 97.42 | 51.59 | 149.01 | NOTE | |
r-devel-linux-x86_64-fedora-clang | 0.1.4 | 324.59 | NOTE | |||
r-devel-linux-x86_64-fedora-gcc | 0.1.4 | 311.54 | NOTE | |||
r-devel-windows-x86_64 | 0.1.4 | 108.00 | 96.00 | 204.00 | NOTE | |
r-patched-linux-x86_64 | 0.1.4 | 124.59 | 66.56 | 191.15 | NOTE | |
r-release-linux-x86_64 | 0.1.4 | 135.40 | 67.96 | 203.36 | NOTE | |
r-release-macos-arm64 | 0.1.4 | 78.00 | NOTE | |||
r-release-macos-x86_64 | 0.1.4 | 133.00 | NOTE | |||
r-release-windows-x86_64 | 0.1.4 | 139.00 | 104.00 | 243.00 | NOTE | |
r-oldrel-macos-arm64 | 0.1.4 | 72.00 | NOTE | |||
r-oldrel-macos-x86_64 | 0.1.4 | 92.00 | NOTE | |||
r-oldrel-windows-x86_64 | 0.1.4 | 133.00 | 99.00 | 232.00 | OK |
Version: 0.1.4
Check: C++ specification
Result: NOTE
Specified C++11: please drop specification unless essential
Flavors: r-devel-linux-x86_64-debian-clang, r-devel-linux-x86_64-debian-gcc, r-devel-linux-x86_64-fedora-clang, r-devel-linux-x86_64-fedora-gcc, r-devel-windows-x86_64, r-patched-linux-x86_64, r-release-linux-x86_64, r-release-macos-arm64, r-release-macos-x86_64, r-release-windows-x86_64
Version: 0.1.4
Check: installed package size
Result: NOTE
installed size is 6.1Mb
sub-directories of 1Mb or more:
libs 5.5Mb
Flavors: r-release-macos-arm64, r-release-macos-x86_64, r-oldrel-macos-arm64, r-oldrel-macos-x86_64