CRAN Package Check Results for Package GREMLINS

Last updated on 2021-06-15 01:50:25 CEST.

Flavor Version Tinstall Tcheck Ttotal Status Flags
r-devel-linux-x86_64-debian-clang 0.2.0 12.23 157.93 170.16 OK
r-devel-linux-x86_64-debian-gcc 0.2.0 10.10 114.01 124.11 OK
r-devel-linux-x86_64-fedora-clang 0.2.0 207.34 NOTE
r-devel-linux-x86_64-fedora-gcc 0.2.0 198.00 NOTE
r-devel-windows-x86_64 0.2.0 16.00 321.00 337.00 OK
r-devel-windows-x86_64-gcc10-UCRT 0.2.0 NOTE
r-patched-linux-x86_64 0.2.0 10.95 152.38 163.33 OK
r-patched-solaris-x86 0.2.0 316.30 NOTE
r-release-linux-x86_64 0.2.0 10.21 150.30 160.51 OK
r-release-macos-arm64 0.2.0 NOTE
r-release-macos-x86_64 0.2.0 NOTE
r-release-windows-ix86+x86_64 0.2.0 24.00 313.00 337.00 OK
r-oldrel-macos-x86_64 0.2.0 NOTE
r-oldrel-windows-ix86+x86_64 0.2.0 16.00 316.00 332.00 OK

Check Details

Version: 0.2.0
Check: dependencies in R code
Result: NOTE
    Namespace in Imports field not imported from: ‘mclust’
     All declared Imports should be used.
Flavors: r-devel-linux-x86_64-fedora-clang, r-devel-linux-x86_64-fedora-gcc, r-devel-windows-x86_64-gcc10-UCRT, r-patched-solaris-x86, r-release-macos-arm64, r-release-macos-x86_64, r-oldrel-macos-x86_64