Last updated on 2023-11-30 22:59:00 CET.
Flavor | Version | Tinstall | Tcheck | Ttotal | Status | Flags |
---|---|---|---|---|---|---|
r-devel-linux-x86_64-debian-clang | 1.0.0 | 21.24 | 188.64 | 209.88 | NOTE | |
r-devel-linux-x86_64-debian-gcc | 1.0.0 | 15.79 | 136.91 | 152.70 | NOTE | |
r-devel-linux-x86_64-fedora-clang | 1.0.0 | 250.20 | NOTE | |||
r-devel-linux-x86_64-fedora-gcc | 1.0.0 | 267.29 | OK | |||
r-devel-windows-x86_64 | 1.0.0 | 17.00 | 148.00 | 165.00 | OK | |
r-patched-linux-x86_64 | 1.0.0 | 21.95 | 171.39 | 193.34 | OK | |
r-release-linux-x86_64 | 1.0.0 | 13.26 | 172.13 | 185.39 | OK | |
r-release-macos-arm64 | 1.0.0 | 76.00 | OK | |||
r-release-macos-x86_64 | 1.0.0 | 153.00 | OK | |||
r-release-windows-x86_64 | 1.0.0 | 24.00 | 180.00 | 204.00 | OK | |
r-oldrel-macos-arm64 | 1.0.0 | 64.00 | OK | |||
r-oldrel-macos-x86_64 | 1.0.0 | 103.00 | OK | |||
r-oldrel-windows-x86_64 | 1.0.0 | 26.00 | 187.00 | 213.00 | OK |
Version: 1.0.0
Check: Rd files
Result: NOTE
checkRd: (-1) runGRM.Rd:24: Lost braces
24 | from \code{\link{mirt}} or code{\linkS4class{lavaan}} from from
| ^
Flavors: r-devel-linux-x86_64-debian-clang, r-devel-linux-x86_64-debian-gcc
Version: 1.0.0
Check: package dependencies
Result: NOTE
Imports includes 21 non-default packages.
Importing from so many packages makes the package vulnerable to any of
them becoming unavailable. Move as many as possible to Suggests and
use conditionally.
Flavor: r-devel-linux-x86_64-fedora-clang