CRAN Package Check Results for Package GUIProfiler

Last updated on 2024-02-24 21:40:22 CET.

Flavor Version Tinstall Tcheck Ttotal Status Flags
r-devel-linux-x86_64-debian-clang 2.0.1 5.49 52.47 57.96 NOTE
r-devel-linux-x86_64-debian-gcc 2.0.1 4.18 43.49 47.67 NOTE
r-devel-linux-x86_64-fedora-clang 2.0.1 74.41 NOTE
r-devel-linux-x86_64-fedora-gcc 2.0.1 72.67 NOTE
r-devel-windows-x86_64 2.0.1 5.00 62.00 67.00 OK
r-patched-linux-x86_64 2.0.1 5.15 55.69 60.84 NOTE
r-release-linux-x86_64 2.0.1 4.94 55.09 60.03 NOTE
r-release-macos-arm64 2.0.1 31.00 OK
r-release-macos-x86_64 2.0.1 44.00 OK
r-release-windows-x86_64 2.0.1 5.00 68.00 73.00 OK
r-oldrel-macos-arm64 2.0.1 35.00 OK
r-oldrel-windows-x86_64 2.0.1 7.00 75.00 82.00 OK

Check Details

Version: 2.0.1
Check: for non-standard things in the check directory
Result: NOTE Found the following files/directories: ‘RRprof.out’ Flavors: r-devel-linux-x86_64-debian-clang, r-devel-linux-x86_64-debian-gcc, r-devel-linux-x86_64-fedora-clang, r-devel-linux-x86_64-fedora-gcc, r-patched-linux-x86_64, r-release-linux-x86_64