Last updated on 2024-04-19 22:55:48 CEST.
Flavor | Version | Tinstall | Tcheck | Ttotal | Status | Flags |
---|---|---|---|---|---|---|
r-devel-linux-x86_64-debian-clang | 1.8 | 40.71 | 174.91 | 215.62 | OK | |
r-devel-linux-x86_64-debian-gcc | 1.8 | OK | ||||
r-devel-linux-x86_64-fedora-clang | 1.8 | 285.86 | NOTE | |||
r-devel-linux-x86_64-fedora-gcc | 1.8 | 305.10 | OK | |||
r-prerel-macos-arm64 | 1.8 | 80.00 | OK | |||
r-prerel-windows-x86_64 | 1.8 | 37.00 | 151.00 | 188.00 | OK | |
r-patched-linux-x86_64 | 1.8 | 48.58 | 161.62 | 210.20 | OK | |
r-release-linux-x86_64 | 1.8 | 43.42 | 163.53 | 206.95 | OK | |
r-release-macos-arm64 | 1.8 | 107.00 | OK | |||
r-release-macos-x86_64 | 1.8 | 181.00 | OK | |||
r-release-windows-x86_64 | 1.8 | 48.00 | 187.00 | 235.00 | OK | |
r-oldrel-macos-arm64 | 1.8 | 87.00 | OK | |||
r-oldrel-windows-x86_64 | 1.8 | 49.00 | 188.00 | 237.00 | OK |
Version: 1.8
Check: Rd cross-references
Result: NOTE
Undeclared package ‘permute’ in Rd xrefs
Flavor: r-devel-linux-x86_64-fedora-clang