CRAN Package Check Results for Package GWSDAT

Last updated on 2022-01-23 22:49:42 CET.

Flavor Version Tinstall Tcheck Ttotal Status Flags
r-devel-linux-x86_64-debian-clang 3.1.0 38.42 326.66 365.08 OK
r-devel-linux-x86_64-debian-gcc 3.1.0 33.56 261.98 295.54 OK
r-devel-linux-x86_64-fedora-clang 3.1.0 444.22 NOTE
r-devel-linux-x86_64-fedora-gcc 3.1.0 434.13 OK
r-devel-windows-x86_64-new-UL 3.1.0 62.00 297.00 359.00 OK
r-devel-windows-x86_64-new-TK 3.1.0 OK
r-patched-linux-x86_64 3.1.0 36.42 312.96 349.38 OK
r-release-linux-x86_64 3.1.0 39.19 316.68 355.87 OK
r-release-macos-arm64 3.1.0 OK
r-release-macos-x86_64 3.1.0 OK
r-release-windows-ix86+x86_64 3.1.0 86.00 326.00 412.00 OK
r-oldrel-macos-x86_64 3.1.0 OK
r-oldrel-windows-ix86+x86_64 3.1.0 89.00 331.00 420.00 OK

Check Details

Version: 3.1.0
Check: package dependencies
Result: NOTE
    Imports includes 21 non-default packages.
    Importing from so many packages makes the package vulnerable to any of
    them becoming unavailable. Move as many as possible to Suggests and
    use conditionally.
Flavor: r-devel-linux-x86_64-fedora-clang