CRAN Package Check Results for Package GeNetIt

Last updated on 2019-12-11 22:51:08 CET.

Flavor Version Tinstall Tcheck Ttotal Status Flags
r-devel-linux-x86_64-debian-clang 0.1-2 13.89 109.89 123.78 OK
r-devel-linux-x86_64-debian-gcc 0.1-2 12.76 84.24 97.00 OK
r-devel-linux-x86_64-fedora-clang 0.1-2 155.57 NOTE
r-devel-linux-x86_64-fedora-gcc 0.1-2 152.34 NOTE
r-devel-windows-ix86+x86_64 0.1-2 32.00 109.00 141.00 OK
r-devel-windows-ix86+x86_64-gcc8 0.1-2 45.00 157.00 202.00 OK
r-patched-linux-x86_64 0.1-2 14.92 96.39 111.31 OK
r-patched-solaris-x86 0.1-2 195.40 NOTE
r-release-linux-x86_64 0.1-2 11.91 96.14 108.05 OK
r-release-windows-ix86+x86_64 0.1-2 24.00 102.00 126.00 OK
r-release-osx-x86_64 0.1-2 NOTE
r-oldrel-windows-ix86+x86_64 0.1-1 7.00 43.00 50.00 OK
r-oldrel-osx-x86_64 0.1-2 ERROR

Check Details

Version: 0.1-2
Check: dependencies in R code
Result: NOTE
    Namespace in Imports field not imported from: ‘raster’
     All declared Imports should be used.
Flavors: r-devel-linux-x86_64-fedora-clang, r-devel-linux-x86_64-fedora-gcc, r-patched-solaris-x86, r-release-osx-x86_64

Version: 0.1-2
Check: whether package can be installed
Result: ERROR
    Installation failed.
Flavor: r-oldrel-osx-x86_64