CRAN Package Check Results for Package GeneNet

Last updated on 2022-05-19 22:54:10 CEST.

Flavor Version Tinstall Tcheck Ttotal Status Flags
r-devel-linux-x86_64-debian-clang 1.2.16 2.76 36.93 39.69 OK
r-devel-linux-x86_64-debian-gcc 1.2.16 1.66 28.95 30.61 OK
r-devel-linux-x86_64-fedora-clang 1.2.16 49.35 OK
r-devel-linux-x86_64-fedora-gcc 1.2.16 49.92 OK
r-devel-windows-x86_64 1.2.16 16.00 54.00 70.00 OK
r-patched-linux-x86_64 1.2.16 5.34 36.49 41.83 OK
r-release-linux-x86_64 1.2.16 2.12 35.52 37.64 OK
r-release-macos-arm64 1.2.16 18.00 NOTE
r-release-macos-x86_64 1.2.16 23.00 OK
r-release-windows-x86_64 1.2.16 6.00 54.00 60.00 OK
r-oldrel-macos-arm64 1.2.16 20.00 OK
r-oldrel-macos-x86_64 1.2.16 23.00 OK
r-oldrel-windows-ix86+x86_64 1.2.16 4.00 51.00 55.00 OK

Check Details

Version: 1.2.16
Check: package dependencies
Result: NOTE
    Packages suggested but not available for checking: 'graph', 'Rgraphviz'
Flavor: r-release-macos-arm64