CRAN Package Check Results for Package GetBCBData

Last updated on 2021-07-29 00:49:07 CEST.

Flavor Version Tinstall Tcheck Ttotal Status Flags
r-devel-linux-x86_64-debian-clang 0.6 NOTE
r-devel-linux-x86_64-debian-gcc 0.6 1.76 20.36 22.12 NOTE
r-devel-linux-x86_64-fedora-clang 0.6 43.12 NOTE
r-devel-linux-x86_64-fedora-gcc 0.6 34.14 NOTE
r-devel-windows-x86_64 0.6 4.00 57.00 61.00 NOTE
r-devel-windows-x86_64-gcc10-UCRT 0.6 NOTE
r-patched-linux-x86_64 0.6 2.12 25.14 27.26 NOTE
r-patched-solaris-x86 0.6 51.00 NOTE
r-release-linux-x86_64 0.6 2.01 25.20 27.21 NOTE
r-release-macos-arm64 0.6 NOTE
r-release-macos-x86_64 0.6 NOTE
r-release-windows-ix86+x86_64 0.6 6.00 48.00 54.00 NOTE
r-oldrel-macos-x86_64 0.6 NOTE
r-oldrel-windows-ix86+x86_64 0.6 5.00 53.00 58.00 OK

Check Details

Version: 0.6
Check: LazyData
Result: NOTE
     'LazyData' is specified without a 'data' directory
Flavors: r-devel-linux-x86_64-debian-clang, r-devel-linux-x86_64-debian-gcc, r-devel-linux-x86_64-fedora-clang, r-devel-linux-x86_64-fedora-gcc, r-devel-windows-x86_64, r-devel-windows-x86_64-gcc10-UCRT, r-patched-linux-x86_64, r-patched-solaris-x86, r-release-linux-x86_64, r-release-macos-arm64, r-release-macos-x86_64, r-release-windows-ix86+x86_64

Version: 0.6
Check: dependencies in R code
Result: NOTE
    Namespaces in Imports field not imported from:
     ‘RCurl’ ‘lubridate’ ‘readr’ ‘stats’
     All declared Imports should be used.
Flavors: r-devel-linux-x86_64-fedora-clang, r-devel-linux-x86_64-fedora-gcc, r-devel-windows-x86_64-gcc10-UCRT, r-patched-solaris-x86, r-release-macos-arm64, r-release-macos-x86_64, r-oldrel-macos-x86_64