Last updated on 2024-04-16 22:55:26 CEST.
Flavor | Version | Tinstall | Tcheck | Ttotal | Status | Flags |
---|---|---|---|---|---|---|
r-devel-linux-x86_64-debian-clang | 1.0.1 | 84.82 | 65.92 | 150.74 | NOTE | |
r-devel-linux-x86_64-debian-gcc | 1.0.1 | 70.59 | 49.38 | 119.97 | NOTE | |
r-devel-linux-x86_64-fedora-clang | 1.0.1 | 212.35 | NOTE | |||
r-devel-linux-x86_64-fedora-gcc | 1.0.1 | 227.58 | NOTE | |||
r-prerel-macos-arm64 | 1.0.1 | 54.00 | NOTE | |||
r-prerel-windows-x86_64 | 1.0.1 | 72.00 | 112.00 | 184.00 | NOTE | |
r-patched-linux-x86_64 | 1.0.1 | 82.10 | 63.61 | 145.71 | NOTE | |
r-release-linux-x86_64 | 1.0.1 | 86.63 | 62.03 | 148.66 | NOTE | |
r-release-macos-arm64 | 1.0.1 | 63.00 | NOTE | |||
r-release-macos-x86_64 | 1.0.1 | 96.00 | NOTE | |||
r-release-windows-x86_64 | 1.0.1 | 89.00 | 125.00 | 214.00 | NOTE | |
r-oldrel-macos-arm64 | 1.0.1 | 57.00 | NOTE | |||
r-oldrel-windows-x86_64 | 1.0.1 | 87.00 | 119.00 | 206.00 | OK |
Version: 1.0.1
Check: C++ specification
Result: NOTE
Specified C++11: please drop specification unless essential
Flavors: r-devel-linux-x86_64-debian-clang, r-devel-linux-x86_64-debian-gcc, r-devel-linux-x86_64-fedora-clang, r-devel-linux-x86_64-fedora-gcc, r-prerel-macos-arm64, r-prerel-windows-x86_64, r-patched-linux-x86_64, r-release-linux-x86_64, r-release-macos-arm64, r-release-macos-x86_64, r-release-windows-x86_64
Version: 1.0.1
Check: compiled code
Result: NOTE
File ‘GiRaF/libs/GiRaF.so’:
Found no calls to: ‘R_registerRoutines’, ‘R_useDynamicSymbols’
It is good practice to register native routines and to disable symbol
search.
See ‘Writing portable packages’ in the ‘Writing R Extensions’ manual.
Flavors: r-devel-linux-x86_64-fedora-clang, r-devel-linux-x86_64-fedora-gcc
Version: 1.0.1
Check: installed package size
Result: NOTE
installed size is 6.4Mb
sub-directories of 1Mb or more:
libs 6.0Mb
Flavors: r-prerel-macos-arm64, r-release-macos-arm64, r-release-macos-x86_64, r-oldrel-macos-arm64