CRAN Package Check Results for Package GiRaF

Last updated on 2021-08-03 22:53:23 CEST.

Flavor Version Tinstall Tcheck Ttotal Status Flags
r-devel-linux-x86_64-debian-clang 1.0.1 89.68 67.78 157.46 OK
r-devel-linux-x86_64-debian-gcc 1.0.1 61.35 52.95 114.30 OK
r-devel-linux-x86_64-fedora-clang 1.0.1 213.82 NOTE
r-devel-linux-x86_64-fedora-gcc 1.0.1 202.25 NOTE
r-devel-windows-x86_64 1.0.1 81.00 117.00 198.00 OK
r-devel-windows-x86_64-gcc10-UCRT 1.0.1 OK
r-patched-linux-x86_64 1.0.1 76.86 67.27 144.13 OK
r-patched-solaris-x86 1.0.1 217.20 OK
r-release-linux-x86_64 1.0.1 71.73 68.01 139.74 OK
r-release-macos-arm64 1.0.1 NOTE
r-release-macos-x86_64 1.0.1 NOTE
r-release-windows-ix86+x86_64 1.0.1 213.00 127.00 340.00 OK
r-oldrel-macos-x86_64 1.0.1 NOTE
r-oldrel-windows-ix86+x86_64 1.0.1 146.00 134.00 280.00 OK

Check Details

Version: 1.0.1
Check: installed package size
Result: NOTE
     installed size is 5.4Mb
     sub-directories of 1Mb or more:
     libs 4.9Mb
Flavors: r-devel-linux-x86_64-fedora-clang, r-release-macos-arm64, r-release-macos-x86_64, r-oldrel-macos-x86_64

Version: 1.0.1
Check: compiled code
Result: NOTE
    File ‘GiRaF/libs/GiRaF.so’:
     Found no calls to: ‘R_registerRoutines’, ‘R_useDynamicSymbols’
    
    It is good practice to register native routines and to disable symbol
    search.
    
    See ‘Writing portable packages’ in the ‘Writing R Extensions’ manual.
Flavors: r-devel-linux-x86_64-fedora-clang, r-devel-linux-x86_64-fedora-gcc