Last updated on 2024-04-18 22:52:43 CEST.
Flavor | Version | Tinstall | Tcheck | Ttotal | Status | Flags |
---|---|---|---|---|---|---|
r-devel-linux-x86_64-debian-clang | 0.4-0 | 5.95 | 60.22 | 66.17 | OK | |
r-devel-linux-x86_64-debian-gcc | 0.4-0 | 5.02 | 43.05 | 48.07 | OK | |
r-devel-linux-x86_64-fedora-clang | 0.4-0 | 79.50 | OK | |||
r-devel-linux-x86_64-fedora-gcc | 0.4-0 | 76.32 | OK | |||
r-prerel-macos-arm64 | 0.4-0 | 25.00 | OK | |||
r-prerel-windows-x86_64 | 0.4-0 | 10.00 | 63.00 | 73.00 | OK | |
r-patched-linux-x86_64 | 0.4-0 | 6.26 | 54.59 | 60.85 | OK | |
r-release-linux-x86_64 | 0.4-0 | 6.05 | 56.77 | 62.82 | OK | |
r-release-macos-arm64 | 0.4-0 | 26.00 | OK | |||
r-release-macos-x86_64 | 0.4-0 | 41.00 | NOTE | |||
r-release-windows-x86_64 | 0.4-0 | 11.00 | 72.00 | 83.00 | OK | |
r-oldrel-macos-arm64 | 0.4-0 | 26.00 | OK | |||
r-oldrel-windows-x86_64 | 0.4-0 | 11.00 | 81.00 | 92.00 | OK |
Version: 0.4-0
Check: package dependencies
Result: NOTE
Packages suggested but not available for checking: 'psych', 'psychTools'
Flavor: r-release-macos-x86_64