CRAN Package Check Results for Package GillespieSSA2

Last updated on 2021-07-29 22:56:01 CEST.

Flavor Version Tinstall Tcheck Ttotal Status Flags
r-devel-linux-x86_64-debian-clang 0.2.8 OK
r-devel-linux-x86_64-debian-gcc 0.2.8 52.68 365.45 418.13 OK
r-devel-linux-x86_64-fedora-clang 0.2.8 852.66 NOTE
r-devel-linux-x86_64-fedora-gcc 0.2.8 736.63 OK
r-devel-windows-x86_64 0.2.8 74.00 658.00 732.00 OK
r-devel-windows-x86_64-gcc10-UCRT 0.2.8 OK
r-patched-linux-x86_64 0.2.8 65.12 491.64 556.76 OK
r-patched-solaris-x86 0.2.8 1156.60 OK
r-release-linux-x86_64 0.2.8 60.19 493.22 553.41 OK
r-release-macos-arm64 0.2.8 WARN
r-release-macos-x86_64 0.2.8 NOTE
r-release-windows-ix86+x86_64 0.2.8 189.00 717.00 906.00 OK
r-oldrel-macos-x86_64 0.2.8 NOTE
r-oldrel-windows-ix86+x86_64 0.2.8 163.00 726.00 889.00 OK

Check Details

Version: 0.2.8
Check: installed package size
Result: NOTE
     installed size is 5.3Mb
     sub-directories of 1Mb or more:
     doc 1.6Mb
     libs 3.1Mb
Flavors: r-devel-linux-x86_64-fedora-clang, r-release-macos-arm64, r-release-macos-x86_64, r-oldrel-macos-x86_64

Version: 0.2.8
Check: re-building of vignette outputs
Result: WARN
    Error(s) in re-building vignettes:
    --- re-building ‘an_introduction.Rmd’ using rmarkdown
    Warning in engine$weave(file, quiet = quiet, encoding = enc) :
     Pandoc (>= 1.12.3) not available. Falling back to R Markdown v1.
    Quitting from lines 75-76 (an_introduction.Rmd)
    Error: processing vignette 'an_introduction.Rmd' failed with diagnostics:
    polygon edge not found
    --- failed re-building ‘an_introduction.Rmd’
    
    --- re-building ‘converting_from_GillespieSSA.Rmd’ using rmarkdown
    Warning in engine$weave(file, quiet = quiet, encoding = enc) :
     Pandoc (>= 1.12.3) not available. Falling back to R Markdown v1.
    Warning in doTryCatch(return(expr), name, parentenv, handler) :
     no font could be found for family "Arial"
    Warning in doTryCatch(return(expr), name, parentenv, handler) :
     no font could be found for family "Arial"
    Warning in doTryCatch(return(expr), name, parentenv, handler) :
     no font could be found for family "Arial"
    Warning in doTryCatch(return(expr), name, parentenv, handler) :
     no font could be found for family "Arial"
    Warning in doTryCatch(return(expr), name, parentenv, handler) :
     no font could be found for family "Arial"
    Warning in doTryCatch(return(expr), name, parentenv, handler) :
     no font could be found for family "Arial"
    Warning in doTryCatch(return(expr), name, parentenv, handler) :
     no font could be found for family "Arial"
    Warning in doTryCatch(return(expr), name, parentenv, handler) :
     no font could be found for family "Arial"
    Warning in doTryCatch(return(expr), name, parentenv, handler) :
     no font could be found for family "Arial"
    Warning in doTryCatch(return(expr), name, parentenv, handler) :
     no font could be found for family "Arial"
    Warning in doTryCatch(return(expr), name, parentenv, handler) :
     no font could be found for family "Arial"
    Warning in doTryCatch(return(expr), name, parentenv, handler) :
     no font could be found for family "Arial"
    Warning in doTryCatch(return(expr), name, parentenv, handler) :
     no font could be found for family "Arial"
    Warning in doTryCatch(return(expr), name, parentenv, handler) :
     no font could be found for family "Arial"
    Warning in doTryCatch(return(expr), name, parentenv, handler) :
     no font could be found for family "Arial"
    Warning in doTryCatch(return(expr), name, parentenv, handler) :
     no font could be found for family "Arial"
    Warning in doTryCatch(return(expr), name, parentenv, handler) :
     no font could be found for family "Arial"
    Warning in doTryCatch(return(expr), name, parentenv, handler) :
     no font could be found for family "Arial"
    Warning in doTryCatch(return(expr), name, parentenv, handler) :
     no font could be found for family "Arial"
    Warning in doTryCatch(return(expr), name, parentenv, handler) :
     no font could be found for family "Arial"
    Warning in doTryCatch(return(expr), name, parentenv, handler) :
     no font could be found for family "Arial"
    Warning in doTryCatch(return(expr), name, parentenv, handler) :
     no font could be found for family "Arial"
    Warning in doTryCatch(return(expr), name, parentenv, handler) :
     no font could be found for family "Arial"
    Warning in doTryCatch(return(expr), name, parentenv, handler) :
     no font could be found for family "Arial"
    Warning in doTryCatch(return(expr), name, parentenv, handler) :
     no font could be found for family "Arial"
    Warning in doTryCatch(return(expr), name, parentenv, handler) :
     no font could be found for family "Arial"
    Warning in doTryCatch(return(expr), name, parentenv, handler) :
     no font could be found for family "Arial"
    Warning in doTryCatch(return(expr), name, parentenv, handler) :
     no font could be found for family "Arial"
    Warning in doTryCatch(return(expr), name, parentenv, handler) :
     no font could be found for family "Arial"
    Warning in doTryCatch(return(expr), name, parentenv, handler) :
     no font could be found for family "Arial"
    Warning in doTryCatch(return(expr), name, parentenv, handler) :
     no font could be found for family "Arial"
    Warning in doTryCatch(return(expr), name, parentenv, handler) :
     no font could be found for family "Arial"
    Warning in doTryCatch(return(expr), name, parentenv, handler) :
     no font could be found for family "Arial"
    Warning in doTryCatch(return(expr), name, parentenv, handler) :
     no font could be found for family "Arial"
    Warning in doTryCatch(return(expr), name, parentenv, handler) :
     no font could be found for family "Arial"
    Warning in doTryCatch(return(expr), name, parentenv, handler) :
     no font could be found for family "Arial"
    Warning in doTryCatch(return(expr), name, parentenv, handler) :
     no font could be found for family "Arial"
    Warning in doTryCatch(return(expr), name, parentenv, handler) :
     no font could be found for family "Arial"
    Warning in doTryCatch(return(expr), name, parentenv, handler) :
     no font could be found for family "Arial"
    Warning in doTryCatch(return(expr), name, parentenv, handler) :
     no font could be found for family "Arial"
    Quitting from lines 64-85 (converting_from_GillespieSSA.Rmd)
    Error: processing vignette 'converting_from_GillespieSSA.Rmd' failed with diagnostics:
    polygon edge not found
    --- failed re-building ‘converting_from_GillespieSSA.Rmd’
    
    --- re-building ‘decaying_dimer.Rmd’ using rmarkdown
    Warning in engine$weave(file, quiet = quiet, encoding = enc) :
     Pandoc (>= 1.12.3) not available. Falling back to R Markdown v1.
    Quitting from lines 52-62 (decaying_dimer.Rmd)
    Error: processing vignette 'decaying_dimer.Rmd' failed with diagnostics:
    polygon edge not found
    --- failed re-building ‘decaying_dimer.Rmd’
    
    --- re-building ‘epi_chain.Rmd’ using rmarkdown
    Warning in engine$weave(file, quiet = quiet, encoding = enc) :
     Pandoc (>= 1.12.3) not available. Falling back to R Markdown v1.
    Quitting from lines 96-106 (epi_chain.Rmd)
    Error: processing vignette 'epi_chain.Rmd' failed with diagnostics:
    polygon edge not found
    --- failed re-building ‘epi_chain.Rmd’
    
    --- re-building ‘linear_chain.Rmd’ using rmarkdown
    Warning in engine$weave(file, quiet = quiet, encoding = enc) :
     Pandoc (>= 1.12.3) not available. Falling back to R Markdown v1.
    Quitting from lines 57-67 (linear_chain.Rmd)
    Error: processing vignette 'linear_chain.Rmd' failed with diagnostics:
    polygon edge not found
    --- failed re-building ‘linear_chain.Rmd’
    
    --- re-building ‘logistic_growth.Rmd’ using rmarkdown
    Warning in engine$weave(file, quiet = quiet, encoding = enc) :
     Pandoc (>= 1.12.3) not available. Falling back to R Markdown v1.
    Quitting from lines 56-66 (logistic_growth.Rmd)
    Error: processing vignette 'logistic_growth.Rmd' failed with diagnostics:
    polygon edge not found
    --- failed re-building ‘logistic_growth.Rmd’
    
    --- re-building ‘lotka_predator_prey.Rmd’ using rmarkdown
    Warning in engine$weave(file, quiet = quiet, encoding = enc) :
     Pandoc (>= 1.12.3) not available. Falling back to R Markdown v1.
    Quitting from lines 55-65 (lotka_predator_prey.Rmd)
    Error: processing vignette 'lotka_predator_prey.Rmd' failed with diagnostics:
    polygon edge not found
    --- failed re-building ‘lotka_predator_prey.Rmd’
    
    --- re-building ‘radioactive_decay.Rmd’ using rmarkdown
    Warning in engine$weave(file, quiet = quiet, encoding = enc) :
     Pandoc (>= 1.12.3) not available. Falling back to R Markdown v1.
    Quitting from lines 46-56 (radioactive_decay.Rmd)
    Error: processing vignette 'radioactive_decay.Rmd' failed with diagnostics:
    polygon edge not found
    --- failed re-building ‘radioactive_decay.Rmd’
    
    --- re-building ‘rm_predator_prey.Rmd’ using rmarkdown
    Warning in engine$weave(file, quiet = quiet, encoding = enc) :
     Pandoc (>= 1.12.3) not available. Falling back to R Markdown v1.
    Quitting from lines 77-87 (rm_predator_prey.Rmd)
    Error: processing vignette 'rm_predator_prey.Rmd' failed with diagnostics:
    polygon edge not found
    --- failed re-building ‘rm_predator_prey.Rmd’
    
    --- re-building ‘sir.Rmd’ using rmarkdown
    Warning in engine$weave(file, quiet = quiet, encoding = enc) :
     Pandoc (>= 1.12.3) not available. Falling back to R Markdown v1.
    Quitting from lines 51-61 (sir.Rmd)
    Error: processing vignette 'sir.Rmd' failed with diagnostics:
    polygon edge not found
    --- failed re-building ‘sir.Rmd’
    
    SUMMARY: processing the following files failed:
     ‘an_introduction.Rmd’ ‘converting_from_GillespieSSA.Rmd’
     ‘decaying_dimer.Rmd’ ‘epi_chain.Rmd’ ‘linear_chain.Rmd’
     ‘logistic_growth.Rmd’ ‘lotka_predator_prey.Rmd’
     ‘radioactive_decay.Rmd’ ‘rm_predator_prey.Rmd’ ‘sir.Rmd’
    
    Error: Vignette re-building failed.
    Execution halted
Flavor: r-release-macos-arm64