Last updated on 2024-03-28 23:01:45 CET.
Flavor | Version | Tinstall | Tcheck | Ttotal | Status | Flags |
---|---|---|---|---|---|---|
r-devel-linux-x86_64-debian-clang | 1.0 | 11.29 | 128.27 | 139.56 | OK | |
r-devel-linux-x86_64-debian-gcc | 1.0 | 8.12 | 97.17 | 105.29 | OK | |
r-devel-linux-x86_64-fedora-clang | 1.0 | 178.28 | OK | |||
r-devel-linux-x86_64-fedora-gcc | 1.0 | 181.97 | OK | |||
r-devel-windows-x86_64 | 1.0 | 11.00 | 110.00 | 121.00 | NOTE | |
r-patched-linux-x86_64 | 1.0 | 9.13 | 123.76 | 132.89 | OK | |
r-release-linux-x86_64 | 1.0 | 11.05 | 126.26 | 137.31 | OK | |
r-release-macos-arm64 | 1.0 | 62.00 | OK | |||
r-release-macos-x86_64 | 1.0 | 95.00 | OK | |||
r-release-windows-x86_64 | 1.0 | 13.00 | 137.00 | 150.00 | NOTE | |
r-oldrel-macos-arm64 | 1.0 | 49.00 | OK | |||
r-oldrel-windows-x86_64 | 1.0 | 14.00 | 143.00 | 157.00 | NOTE |
Version: 1.0
Check: package dependencies
Result: NOTE
Package suggested but not available for checking: 'doMC'
Flavors: r-devel-windows-x86_64, r-release-windows-x86_64, r-oldrel-windows-x86_64