CRAN Package Check Results for Package GpGp

Last updated on 2020-02-17 22:49:33 CET.

Flavor Version Tinstall Tcheck Ttotal Status Flags
r-devel-linux-x86_64-debian-clang 0.2.1 54.18 52.82 107.00 OK
r-devel-linux-x86_64-debian-gcc 0.2.1 44.28 39.50 83.78 OK
r-devel-linux-x86_64-fedora-clang 0.2.1 149.90 NOTE
r-devel-linux-x86_64-fedora-gcc 0.2.1 147.46 OK
r-devel-windows-ix86+x86_64 0.2.1 88.00 107.00 195.00 OK
r-devel-windows-ix86+x86_64-gcc8 0.2.1 138.00 138.00 276.00 OK
r-patched-linux-x86_64 0.2.1 45.02 48.30 93.32 OK
r-patched-solaris-x86 0.2.1 148.60 OK
r-release-linux-x86_64 0.2.1 47.08 47.60 94.68 OK
r-release-windows-ix86+x86_64 0.2.1 96.00 108.00 204.00 OK
r-release-osx-x86_64 0.2.1 NOTE
r-oldrel-windows-ix86+x86_64 0.2.1 90.00 113.00 203.00 OK
r-oldrel-osx-x86_64 0.2.1 NOTE

Check Details

Version: 0.2.1
Check: installed package size
Result: NOTE
     installed size is 6.8Mb
     sub-directories of 1Mb or more:
     data 1.4Mb
     libs 5.1Mb
Flavors: r-devel-linux-x86_64-fedora-clang, r-release-osx-x86_64, r-oldrel-osx-x86_64