CRAN Package Check Results for Package GpGp

Last updated on 2021-08-04 22:55:15 CEST.

Flavor Version Tinstall Tcheck Ttotal Status Flags
r-devel-linux-x86_64-debian-clang 0.4.0 77.66 80.73 158.39 OK
r-devel-linux-x86_64-debian-gcc 0.4.0 54.40 50.71 105.11 OK
r-devel-linux-x86_64-fedora-clang 0.4.0 208.19 NOTE
r-devel-linux-x86_64-fedora-gcc 0.4.0 182.94 OK
r-devel-windows-x86_64 0.4.0 63.00 118.00 181.00 OK
r-devel-windows-x86_64-gcc10-UCRT 0.4.0 OK
r-patched-linux-x86_64 0.4.0 60.76 66.69 127.45 OK
r-patched-solaris-x86 0.4.0 225.70 ERROR
r-release-linux-x86_64 0.4.0 63.26 67.48 130.74 OK
r-release-macos-arm64 0.4.0 NOTE
r-release-macos-x86_64 0.4.0 NOTE
r-release-windows-ix86+x86_64 0.4.0 167.00 144.00 311.00 OK
r-oldrel-macos-x86_64 0.4.0 NOTE
r-oldrel-windows-ix86+x86_64 0.4.0 116.00 152.00 268.00 OK

Check Details

Version: 0.4.0
Check: installed package size
Result: NOTE
     installed size is 7.7Mb
     sub-directories of 1Mb or more:
     data 1.4Mb
     libs 5.9Mb
Flavors: r-devel-linux-x86_64-fedora-clang, r-release-macos-arm64, r-release-macos-x86_64, r-oldrel-macos-x86_64

Version: 0.4.0
Check: tests
Result: ERROR
     Running ‘testthat.R’ [21s/21s]
    Running the tests in ‘tests/testthat.R’ failed.
    Complete output:
     > library(testthat)
     > library(GpGp)
     >
     > test_check("GpGp")
     ══ Failed tests ════════════════════════════════════════════════════════════════
     ── Failure (test_loglik.R:33:5): likelihood approximations are exact when m = n-1 ──
     llobj$loglik not equal to `ll_exact`.
     1/1 mismatches
     [1] 217 - 62.7 == 155
     ── Failure (test_loglik.R:39:5): likelihood approximations are exact when m = n-1 ──
     llobj$loglik not equal to `ll_exact`.
     1/1 mismatches
     [1] 217 - 62.7 == 155
    
     [ FAIL 2 | WARN 0 | SKIP 0 | PASS 117 ]
     Error: Test failures
     Execution halted
Flavor: r-patched-solaris-x86