CRAN Package Check Results for Package GpGp

Last updated on 2019-09-16 22:49:23 CEST.

Flavor Version Tinstall Tcheck Ttotal Status Flags
r-devel-linux-x86_64-debian-clang 0.2.1 49.39 45.93 95.32 OK
r-devel-linux-x86_64-debian-gcc 0.2.1 43.05 35.66 78.71 OK
r-devel-linux-x86_64-fedora-clang 0.2.1 143.01 NOTE
r-devel-linux-x86_64-fedora-gcc 0.2.1 140.03 OK
r-devel-windows-ix86+x86_64 0.2.1 129.00 121.00 250.00 OK
r-patched-linux-x86_64 0.2.1 45.64 46.42 92.06 OK
r-patched-solaris-x86 0.2.1 142.60 OK
r-release-linux-x86_64 0.2.1 44.09 49.28 93.37 OK
r-release-windows-ix86+x86_64 0.2.1 85.00 100.00 185.00 OK
r-release-osx-x86_64 0.2.1 NOTE
r-oldrel-windows-ix86+x86_64 0.2.1 117.00 99.00 216.00 OK
r-oldrel-osx-x86_64 0.2.1 NOTE

Check Details

Version: 0.2.1
Check: installed package size
Result: NOTE
     installed size is 6.7Mb
     sub-directories of 1Mb or more:
     data 1.4Mb
     libs 5.0Mb
Flavors: r-devel-linux-x86_64-fedora-clang, r-release-osx-x86_64, r-oldrel-osx-x86_64