CRAN Package Check Results for Package GrassmannOptim

Last updated on 2019-11-18 22:47:12 CET.

Flavor Version Tinstall Tcheck Ttotal Status Flags
r-devel-linux-x86_64-debian-clang 2.0 6.23 54.08 60.31 NOTE
r-devel-linux-x86_64-debian-gcc 2.0 5.67 42.69 48.36 NOTE
r-devel-linux-x86_64-fedora-clang 2.0 71.01 NOTE
r-devel-linux-x86_64-fedora-gcc 2.0 78.43 NOTE
r-devel-windows-ix86+x86_64 2.0 18.00 82.00 100.00 NOTE
r-patched-linux-x86_64 2.0 5.55 49.80 55.35 NOTE
r-patched-solaris-x86 2.0 105.00 NOTE
r-release-linux-x86_64 2.0 5.66 49.53 55.19 NOTE
r-release-windows-ix86+x86_64 2.0 11.00 77.00 88.00 NOTE
r-release-osx-x86_64 2.0 NOTE
r-oldrel-windows-ix86+x86_64 2.0 9.00 80.00 89.00 NOTE
r-oldrel-osx-x86_64 2.0 NOTE

Check Details

Version: 2.0
Check: DESCRIPTION meta-information
Result: NOTE
    Malformed Description field: should contain one or more complete sentences.
Flavors: r-devel-linux-x86_64-debian-clang, r-devel-linux-x86_64-debian-gcc, r-devel-linux-x86_64-fedora-clang, r-devel-linux-x86_64-fedora-gcc, r-devel-windows-ix86+x86_64, r-patched-linux-x86_64, r-patched-solaris-x86, r-release-linux-x86_64, r-release-windows-ix86+x86_64, r-release-osx-x86_64, r-oldrel-windows-ix86+x86_64, r-oldrel-osx-x86_64

Version: 2.0
Check: dependencies in R code
Result: NOTE
    Package in Depends field not imported from: 'Matrix'
     These packages need to be imported from (in the NAMESPACE file)
     for when this namespace is loaded but not attached.
Flavors: r-devel-linux-x86_64-debian-clang, r-devel-linux-x86_64-debian-gcc, r-devel-linux-x86_64-fedora-clang, r-devel-linux-x86_64-fedora-gcc, r-devel-windows-ix86+x86_64, r-patched-linux-x86_64, r-patched-solaris-x86, r-release-linux-x86_64, r-release-windows-ix86+x86_64, r-release-osx-x86_64, r-oldrel-windows-ix86+x86_64, r-oldrel-osx-x86_64

Version: 2.0
Check: R code for possible problems
Result: NOTE
    GrassmannOptim: no visible global function definition for 'rnorm'
    GrassmannOptim: no visible global function definition for 'runif'
    GrassmannOptim : <anonymous>: no visible global function definition for
     'expm'
    GrassmannOptim : <anonymous>: no visible global function definition for
     'Matrix'
    Undefined global functions or variables:
     Matrix expm rnorm runif
    Consider adding
     importFrom("stats", "rnorm", "runif")
    to your NAMESPACE file.
Flavors: r-devel-linux-x86_64-debian-clang, r-devel-linux-x86_64-debian-gcc, r-devel-linux-x86_64-fedora-clang, r-devel-linux-x86_64-fedora-gcc, r-devel-windows-ix86+x86_64, r-patched-linux-x86_64, r-patched-solaris-x86, r-release-linux-x86_64, r-release-windows-ix86+x86_64, r-release-osx-x86_64, r-oldrel-windows-ix86+x86_64, r-oldrel-osx-x86_64