CRAN Package Check Results for Package GroupSeq

Last updated on 2024-06-13 22:49:29 CEST.

Flavor Version Tinstall Tcheck Ttotal Status Flags
r-devel-linux-x86_64-debian-clang 1.4.3 14.27 136.22 150.49 OK
r-devel-linux-x86_64-debian-gcc 1.4.3 9.14 54.30 63.44 ERROR
r-devel-linux-x86_64-fedora-clang 1.4.3 198.07 OK
r-devel-linux-x86_64-fedora-gcc 1.4.3 203.49 OK
r-devel-windows-x86_64 1.4.3 9.00 86.00 95.00 OK
r-patched-linux-x86_64 1.4.3 14.05 136.50 150.55 OK
r-release-linux-x86_64 1.4.3 13.99 134.02 148.01 OK
r-release-macos-arm64 1.4.3 60.00 OK
r-release-macos-x86_64 1.4.3 89.00 OK
r-release-windows-x86_64 1.4.3 9.00 92.00 101.00 OK
r-oldrel-macos-arm64 1.4.3 63.00 OK
r-oldrel-macos-x86_64 1.4.3 199.00 OK
r-oldrel-windows-x86_64 1.4.3 9.00 107.00 116.00 OK

Check Details

Version: 1.4.3
Check: package dependencies
Result: NOTE Package suggested but not available for checking: ‘ggplot2’ Flavor: r-devel-linux-x86_64-debian-gcc

Version: 1.4.3
Check: re-building of vignette outputs
Result: ERROR Error(s) in re-building vignettes: ... --- re-building ‘GroupSeq.Rmd’ using rmarkdown Quitting from lines 17-39 [knitr-setup] (GroupSeq.Rmd) Error: processing vignette 'GroupSeq.Rmd' failed with diagnostics: there is no package called 'ggplot2' --- failed re-building ‘GroupSeq.Rmd’ --- re-building ‘task-1-compute-bounds-H0.Rmd’ using rmarkdown --- finished re-building ‘task-1-compute-bounds-H0.Rmd’ --- re-building ‘task-2-compute-drift.Rmd’ using rmarkdown --- finished re-building ‘task-2-compute-drift.Rmd’ --- re-building ‘task-3-compute-bounds-H1.Rmd’ using rmarkdown --- finished re-building ‘task-3-compute-bounds-H1.Rmd’ --- re-building ‘task-4-compute-CI.Rmd’ using rmarkdown --- finished re-building ‘task-4-compute-CI.Rmd’ --- re-building ‘understanding-gs-designs.Rmd’ using rmarkdown Quitting from lines 18-41 [knitr-setup] (understanding-gs-designs.Rmd) Error: processing vignette 'understanding-gs-designs.Rmd' failed with diagnostics: there is no package called 'ggplot2' --- failed re-building ‘understanding-gs-designs.Rmd’ SUMMARY: processing the following files failed: ‘GroupSeq.Rmd’ ‘understanding-gs-designs.Rmd’ Error: Vignette re-building failed. Execution halted Flavor: r-devel-linux-x86_64-debian-gcc