CRAN Package Check Results for Package HCTR

Last updated on 2023-09-26 23:04:15 CEST.

Flavor Version Tinstall Tcheck Ttotal Status Flags
r-devel-linux-x86_64-debian-clang 0.1.1 8.63 87.37 96.00 NOTE
r-devel-linux-x86_64-debian-gcc 0.1.1 7.25 66.48 73.73 NOTE
r-devel-linux-x86_64-fedora-clang 0.1.1 115.64 NOTE
r-devel-linux-x86_64-fedora-gcc 0.1.1 124.90 NOTE
r-devel-windows-x86_64 0.1.1 9.00 90.00 99.00 NOTE
r-patched-linux-x86_64 0.1.1 7.73 83.70 91.43 NOTE
r-release-linux-x86_64 0.1.1 8.68 85.37 94.05 NOTE
r-release-macos-arm64 0.1.1 40.00 NOTE
r-release-macos-x86_64 0.1.1 58.00 NOTE
r-release-windows-x86_64 0.1.1 11.00 100.00 111.00 NOTE
r-oldrel-macos-arm64 0.1.1 36.00 NOTE
r-oldrel-macos-x86_64 0.1.1 50.00 NOTE
r-oldrel-windows-x86_64 0.1.1 11.00 102.00 113.00 NOTE

Check Details

Version: 0.1.1
Check: LazyData
Result: NOTE
     'LazyData' is specified without a 'data' directory
Flavors: r-devel-linux-x86_64-debian-clang, r-devel-linux-x86_64-debian-gcc, r-devel-linux-x86_64-fedora-clang, r-devel-linux-x86_64-fedora-gcc, r-devel-windows-x86_64, r-patched-linux-x86_64, r-release-linux-x86_64, r-release-macos-arm64, r-release-macos-x86_64, r-release-windows-x86_64, r-oldrel-macos-arm64, r-oldrel-macos-x86_64, r-oldrel-windows-x86_64