Last updated on 2024-03-28 23:01:46 CET.
Flavor | Version | Tinstall | Tcheck | Ttotal | Status | Flags |
---|---|---|---|---|---|---|
r-devel-linux-x86_64-debian-clang | 1.1.4 | 10.34 | 78.28 | 88.62 | NOTE | |
r-devel-linux-x86_64-debian-gcc | 1.1.4 | 7.59 | 59.33 | 66.92 | NOTE | |
r-devel-linux-x86_64-fedora-clang | 1.1.4 | 109.42 | NOTE | |||
r-devel-linux-x86_64-fedora-gcc | 1.1.4 | 117.78 | NOTE | |||
r-devel-windows-x86_64 | 1.1.4 | 9.00 | 102.00 | 111.00 | NOTE | |
r-patched-linux-x86_64 | 1.1.4 | 5.72 | 74.29 | 80.01 | NOTE | |
r-release-linux-x86_64 | 1.1.4 | 7.48 | 74.76 | 82.24 | OK | |
r-release-macos-arm64 | 1.1.4 | 44.00 | OK | |||
r-release-macos-x86_64 | 1.1.4 | 68.00 | OK | |||
r-release-windows-x86_64 | 1.1.4 | 13.00 | 107.00 | 120.00 | OK | |
r-oldrel-macos-arm64 | 1.1.4 | 39.00 | OK | |||
r-oldrel-windows-x86_64 | 1.1.4 | 12.00 | 109.00 | 121.00 | OK |
Version: 1.1.4
Check: Rd files
Result: NOTE
checkRd: (-1) phenowheat.Rd:18: Lost braces in \enumerate; meant \describe ?
checkRd: (-1) phenowheat.Rd:19: Lost braces in \enumerate; meant \describe ?
Flavors: r-devel-linux-x86_64-debian-clang, r-devel-linux-x86_64-debian-gcc, r-devel-linux-x86_64-fedora-clang, r-devel-linux-x86_64-fedora-gcc, r-devel-windows-x86_64, r-patched-linux-x86_64