Last updated on 2024-03-28 23:01:46 CET.
Flavor | Version | Tinstall | Tcheck | Ttotal | Status | Flags |
---|---|---|---|---|---|---|
r-devel-linux-x86_64-debian-clang | 1.0.2 | 134.81 | 41.92 | 176.73 | OK | |
r-devel-linux-x86_64-debian-gcc | 1.0.2 | 104.48 | 40.64 | 145.12 | OK | |
r-devel-linux-x86_64-fedora-clang | 1.0.2 | 214.13 | OK | |||
r-devel-linux-x86_64-fedora-gcc | 1.0.2 | 265.06 | OK | |||
r-devel-windows-x86_64 | 1.0.2 | 89.00 | 79.00 | 168.00 | OK | |
r-patched-linux-x86_64 | 1.0.2 | 129.12 | 52.48 | 181.60 | OK | |
r-release-linux-x86_64 | 1.0.2 | 124.44 | 51.21 | 175.65 | OK | |
r-release-macos-arm64 | 1.0.2 | 56.00 | NOTE | |||
r-release-macos-x86_64 | 1.0.2 | 89.00 | NOTE | |||
r-release-windows-x86_64 | 1.0.2 | 114.00 | 92.00 | 206.00 | OK | |
r-oldrel-macos-arm64 | 1.0.2 | 56.00 | NOTE | |||
r-oldrel-windows-x86_64 | 1.0.2 | 113.00 | 89.00 | 202.00 | OK |
Version: 1.0.2
Check: installed package size
Result: NOTE
installed size is 21.7Mb
sub-directories of 1Mb or more:
libs 21.5Mb
Flavors: r-release-macos-arm64, r-release-macos-x86_64, r-oldrel-macos-arm64