CRAN Package Check Results for Package HEMDAG

Last updated on 2023-09-29 21:53:56 CEST.

Flavor Version Tinstall Tcheck Ttotal Status Flags
r-devel-linux-x86_64-debian-clang 2.7.4 12.61 144.78 157.39 NOTE
r-devel-linux-x86_64-debian-gcc 2.7.4 10.86 107.26 118.12 NOTE
r-devel-linux-x86_64-fedora-clang 2.7.4 189.85 NOTE
r-devel-linux-x86_64-fedora-gcc 2.7.4 198.08 NOTE
r-devel-windows-x86_64 2.7.4 15.00 152.00 167.00 NOTE
r-patched-linux-x86_64 2.7.4 11.79 134.96 146.75 NOTE
r-release-linux-x86_64 2.7.4 9.73 135.45 145.18 NOTE
r-release-macos-arm64 2.7.4 58.00 NOTE
r-release-macos-x86_64 2.7.4 96.00 NOTE
r-release-windows-x86_64 2.7.4 22.00 189.00 211.00 NOTE
r-oldrel-macos-arm64 2.7.4 57.00 OK
r-oldrel-macos-x86_64 2.7.4 103.00 OK
r-oldrel-windows-x86_64 2.7.4 20.00 178.00 198.00 OK

Check Details

Version: 2.7.4
Check: C++ specification
Result: NOTE
     Specified C++11: please drop specification unless essential
Flavors: r-devel-linux-x86_64-debian-clang, r-devel-linux-x86_64-debian-gcc, r-devel-linux-x86_64-fedora-clang, r-devel-linux-x86_64-fedora-gcc, r-devel-windows-x86_64, r-patched-linux-x86_64, r-release-linux-x86_64, r-release-macos-arm64, r-release-macos-x86_64, r-release-windows-x86_64