CRAN Package Check Results for Package HH

Last updated on 2019-12-11 22:51:09 CET.

Flavor Version Tinstall Tcheck Ttotal Status Flags
r-devel-linux-x86_64-debian-clang 3.1-37 30.19 247.25 277.44 ERROR
r-devel-linux-x86_64-debian-gcc 3.1-37 27.94 187.48 215.42 ERROR
r-devel-linux-x86_64-fedora-clang 3.1-39 403.01 OK
r-devel-linux-x86_64-fedora-gcc 3.1-39 391.51 OK
r-devel-windows-ix86+x86_64 3.1-37 56.00 334.00 390.00 OK
r-devel-windows-ix86+x86_64-gcc8 3.1-37 82.00 489.00 571.00 OK
r-patched-linux-x86_64 3.1-37 26.11 274.37 300.48 OK
r-patched-solaris-x86 3.1-39 499.60 OK
r-release-linux-x86_64 3.1-37 25.89 275.38 301.27 OK
r-release-windows-ix86+x86_64 3.1-37 45.00 313.00 358.00 OK
r-release-osx-x86_64 3.1-37 OK
r-oldrel-windows-ix86+x86_64 3.1-39 55.00 236.00 291.00 OK
r-oldrel-osx-x86_64 3.1-37 OK

Check Details

Version: 3.1-37
Check: examples
Result: ERROR
    Running examples in 'HH-Ex.R' failed
    The error most likely occurred in:
    
    > base::assign(".ptime", proc.time(), pos = "CheckExEnv")
    > ### Name: ResizeEtc
    > ### Title: Display multiple independent trellis objects on the same
    > ### coordinated scale.
    > ### Aliases: ResizeEtc
    > ### Keywords: hplot
    >
    > ### ** Examples
    >
    > ## see the examples in ?HH:::plot.likert
    >
    > require(grid)
    > require(lattice)
    > require(latticeExtra)
    > require(HH)
    >
    > ## This is the same example as in ?HH:::plot.likert
    > ## Here, it is done with explicit use of ResizeEtc.
    >
    > data(ProfChal)
    > tmp <- data.matrix(ProfChal[,1:5])
    > rownames(tmp) <- ProfChal$Question
    >
    > AA <- likert(tmp[1,], box.width=unit(.4,"cm"), positive.order=TRUE)
    > BB <- likert(tmp[2:6,], box.width=unit(.4,"cm"), positive.order=TRUE)
    Error in apply(x, 3:ldx, function(x) list(x)) :
     'MARGIN' does not match dim(X)
    Calls: likert ... as.MatrixList -> as.MatrixList.array -> lapply -> apply
    Execution halted
Flavors: r-devel-linux-x86_64-debian-clang, r-devel-linux-x86_64-debian-gcc