CRAN Package Check Results for Package HH

Last updated on 2022-08-07 22:54:01 CEST.

Flavor Version Tinstall Tcheck Ttotal Status Flags
r-devel-linux-x86_64-debian-clang 3.1-47 36.14 376.66 412.80 NOTE
r-devel-linux-x86_64-debian-gcc 3.1-47 25.87 272.90 298.77 NOTE
r-devel-linux-x86_64-fedora-clang 3.1-47 503.07 NOTE
r-devel-linux-x86_64-fedora-gcc 3.1-47 517.33 NOTE
r-devel-windows-x86_64 3.1-47 131.00 424.00 555.00 NOTE
r-patched-linux-x86_64 3.1-47 37.78 343.96 381.74 OK
r-release-linux-x86_64 3.1-47 22.94 341.73 364.67 OK
r-release-macos-arm64 3.1-47 123.00 OK
r-release-macos-x86_64 3.1-47 219.00 OK
r-release-windows-x86_64 3.1-47 122.00 428.00 550.00 OK
r-oldrel-macos-arm64 3.1-47 102.00 OK
r-oldrel-macos-x86_64 3.1-47 167.00 OK
r-oldrel-windows-ix86+x86_64 3.1-47 67.00 420.00 487.00 OK

Check Details

Version: 3.1-47
Check: Rd files
Result: NOTE
    checkRd: (-1) bivariateNormal.Rd:42: Escaped LaTeX specials: \&
Flavors: r-devel-linux-x86_64-debian-clang, r-devel-linux-x86_64-debian-gcc, r-devel-linux-x86_64-fedora-clang, r-devel-linux-x86_64-fedora-gcc, r-devel-windows-x86_64