Last updated on 2024-04-23 22:55:24 CEST.
Flavor | Version | Tinstall | Tcheck | Ttotal | Status | Flags |
---|---|---|---|---|---|---|
r-devel-linux-x86_64-debian-clang | 1.1 | 144.14 | 35.09 | 179.23 | NOTE | |
r-devel-linux-x86_64-debian-gcc | 1.1 | 108.78 | 26.80 | 135.58 | NOTE | |
r-devel-linux-x86_64-fedora-clang | 1.1 | 264.18 | NOTE | |||
r-devel-linux-x86_64-fedora-gcc | 1.1 | 259.08 | NOTE | |||
r-prerel-macos-arm64 | 1.1 | 42.00 | NOTE | |||
r-prerel-windows-x86_64 | 1.1 | 106.00 | 73.00 | 179.00 | NOTE | |
r-patched-linux-x86_64 | 1.1 | 127.11 | 34.33 | 161.44 | NOTE | |
r-release-linux-x86_64 | 1.1 | 127.90 | 34.33 | 162.23 | NOTE | |
r-release-macos-arm64 | 1.1 | 59.00 | NOTE | |||
r-release-macos-x86_64 | 1.1 | 101.00 | NOTE | |||
r-release-windows-x86_64 | 1.1 | 133.00 | 77.00 | 210.00 | NOTE | |
r-oldrel-macos-arm64 | 1.1 | 54.00 | NOTE | |||
r-oldrel-windows-x86_64 | 1.1 | 127.00 | 74.00 | 201.00 | NOTE |
Version: 1.1
Check: C++ specification
Result: NOTE
Specified C++11: please drop specification unless essential
Flavors: r-devel-linux-x86_64-debian-clang, r-devel-linux-x86_64-debian-gcc, r-devel-linux-x86_64-fedora-clang, r-devel-linux-x86_64-fedora-gcc, r-prerel-macos-arm64, r-prerel-windows-x86_64, r-patched-linux-x86_64, r-release-linux-x86_64, r-release-macos-arm64, r-release-macos-x86_64, r-release-windows-x86_64
Version: 1.1
Check: installed package size
Result: NOTE
installed size is 7.8Mb
sub-directories of 1Mb or more:
data 3.5Mb
libs 4.0Mb
Flavors: r-prerel-macos-arm64, r-prerel-windows-x86_64, r-release-macos-arm64, r-release-macos-x86_64, r-release-windows-x86_64, r-oldrel-macos-arm64, r-oldrel-windows-x86_64