CRAN Package Check Results for Package HMMcopula

Last updated on 2024-03-01 22:53:39 CET.

Flavor Version Tinstall Tcheck Ttotal Status Flags
r-devel-linux-x86_64-debian-clang 1.0.4 9.73 86.89 96.62 NOTE
r-devel-linux-x86_64-debian-gcc 1.0.4 9.32 66.03 75.35 NOTE
r-devel-linux-x86_64-fedora-clang 1.0.4 119.88 NOTE
r-devel-linux-x86_64-fedora-gcc 1.0.4 122.76 NOTE
r-devel-windows-x86_64 1.0.4 10.00 80.00 90.00 NOTE
r-patched-linux-x86_64 1.0.4 12.41 84.26 96.67 NOTE
r-release-linux-x86_64 1.0.4 9.03 86.29 95.32 NOTE
r-release-macos-arm64 1.0.4 39.00 NOTE
r-release-macos-x86_64 1.0.4 63.00 NOTE
r-release-windows-x86_64 1.0.4 13.00 93.00 106.00 NOTE
r-oldrel-macos-arm64 1.0.4 36.00 NOTE
r-oldrel-windows-x86_64 1.0.4 13.00 99.00 112.00 NOTE

Check Details

Version: 1.0.4
Check: Rd files
Result: NOTE checkRd: (-1) SimMarkovChain.Rd:18: Lost braces; missing escapes or markup? 18 | starting from a state eta0 or the uniform distribution on {1,..., r} | ^ Flavors: r-devel-linux-x86_64-debian-clang, r-devel-linux-x86_64-debian-gcc, r-devel-linux-x86_64-fedora-clang, r-devel-linux-x86_64-fedora-gcc

Version: 1.0.4
Check: Rd \usage sections
Result: NOTE Documented arguments not in \usage in Rd file 'bootstrapfun.Rd': ‘DoF’ ‘n_sample’ Functions with \usage entries need to have the appropriate \alias entries, and all their arguments documented. The \usage entries must correspond to syntactically valid R code. See chapter ‘Writing R documentation files’ in the ‘Writing R Extensions’ manual. Flavors: r-devel-linux-x86_64-debian-clang, r-devel-linux-x86_64-debian-gcc, r-devel-linux-x86_64-fedora-clang, r-devel-linux-x86_64-fedora-gcc, r-devel-windows-x86_64

Version: 1.0.4
Check: LazyData
Result: NOTE 'LazyData' is specified without a 'data' directory Flavors: r-devel-linux-x86_64-debian-clang, r-devel-linux-x86_64-debian-gcc, r-devel-linux-x86_64-fedora-clang, r-devel-linux-x86_64-fedora-gcc, r-devel-windows-x86_64, r-patched-linux-x86_64, r-release-linux-x86_64, r-release-macos-arm64, r-release-macos-x86_64, r-release-windows-x86_64, r-oldrel-macos-arm64, r-oldrel-windows-x86_64