CRAN Package Check Results for Package HMMmlselect

Last updated on 2023-09-28 23:08:48 CEST.

Flavor Version Tinstall Tcheck Ttotal Status Flags
r-devel-linux-x86_64-debian-clang 0.1.6 35.42 101.21 136.63 NOTE
r-devel-linux-x86_64-debian-gcc 0.1.6 24.00 76.13 100.13 NOTE
r-devel-linux-x86_64-fedora-clang 0.1.6 174.03 NOTE
r-devel-linux-x86_64-fedora-gcc 0.1.6 181.41 NOTE
r-devel-windows-x86_64 0.1.6 28.00 134.00 162.00 NOTE
r-patched-linux-x86_64 0.1.6 32.42 99.45 131.87 NOTE
r-release-linux-x86_64 0.1.6 31.01 100.18 131.19 NOTE
r-release-macos-arm64 0.1.6 53.00 NOTE
r-release-macos-x86_64 0.1.6 81.00 NOTE
r-release-windows-x86_64 0.1.6 37.00 146.00 183.00 NOTE
r-oldrel-macos-arm64 0.1.6 63.00 NOTE
r-oldrel-macos-x86_64 0.1.6 63.00 NOTE
r-oldrel-windows-x86_64 0.1.6 35.00 135.00 170.00 NOTE

Check Details

Version: 0.1.6
Check: C++ specification
Result: NOTE
     Specified C++11: please drop specification unless essential
Flavors: r-devel-linux-x86_64-debian-clang, r-devel-linux-x86_64-debian-gcc, r-devel-linux-x86_64-fedora-clang, r-devel-linux-x86_64-fedora-gcc, r-devel-windows-x86_64, r-patched-linux-x86_64, r-release-linux-x86_64, r-release-macos-arm64, r-release-macos-x86_64, r-release-windows-x86_64

Version: 0.1.6
Check: LazyData
Result: NOTE
     'LazyData' is specified without a 'data' directory
Flavors: r-devel-linux-x86_64-debian-clang, r-devel-linux-x86_64-debian-gcc, r-devel-linux-x86_64-fedora-clang, r-devel-linux-x86_64-fedora-gcc, r-devel-windows-x86_64, r-patched-linux-x86_64, r-release-linux-x86_64, r-release-macos-arm64, r-release-macos-x86_64, r-release-windows-x86_64, r-oldrel-macos-arm64, r-oldrel-macos-x86_64, r-oldrel-windows-x86_64