CRAN Package Check Results for Package HMP

Last updated on 2022-12-06 23:00:44 CET.

Flavor Version Tinstall Tcheck Ttotal Status Flags
r-devel-linux-x86_64-debian-clang 2.0.1 13.45 127.98 141.43 OK
r-devel-linux-x86_64-debian-gcc 2.0.1 11.40 94.09 105.49 OK
r-devel-linux-x86_64-fedora-clang 2.0.1 180.96 NOTE
r-devel-linux-x86_64-fedora-gcc 2.0.1 188.76 OK
r-devel-windows-x86_64 2.0.1 34.00 164.00 198.00 OK
r-patched-linux-x86_64 2.0.1 14.16 117.06 131.22 OK
r-release-linux-x86_64 2.0.1 10.82 118.78 129.60 OK
r-release-macos-arm64 2.0.1 51.00 OK
r-release-macos-x86_64 2.0.1 96.00 OK
r-release-windows-x86_64 2.0.1 33.00 167.00 200.00 OK
r-oldrel-macos-arm64 2.0.1 57.00 OK
r-oldrel-macos-x86_64 2.0.1 73.00 OK
r-oldrel-windows-ix86+x86_64 2.0.1 30.00 151.00 181.00 OK

Check Details

Version: 2.0.1
Check: Rd cross-references
Result: NOTE
    Undeclared package ‘genalg’ in Rd xrefs
Flavor: r-devel-linux-x86_64-fedora-clang