CRAN Package Check Results for Package HOasso

Last updated on 2024-05-25 21:57:01 CEST.

Flavor Version Tinstall Tcheck Ttotal Status Flags
r-devel-linux-x86_64-debian-clang 1.0.1 3.49 35.73 39.22 NOTE
r-devel-linux-x86_64-debian-gcc 1.0.1 2.22 27.22 29.44 NOTE
r-devel-linux-x86_64-fedora-clang 1.0.1 48.71 NOTE
r-devel-linux-x86_64-fedora-gcc 1.0.1 46.61 NOTE
r-devel-windows-x86_64 1.0.1 4.00 54.00 58.00 NOTE
r-patched-linux-x86_64 1.0.1 2.19 34.61 36.80 NOTE
r-release-linux-x86_64 1.0.1 3.43 33.61 37.04 NOTE
r-release-macos-arm64 1.0.1 19.00 NOTE
r-release-windows-x86_64 1.0.1 4.00 52.00 56.00 NOTE
r-oldrel-macos-arm64 1.0.1 23.00 OK
r-oldrel-macos-x86_64 1.0.1 36.00 OK
r-oldrel-windows-x86_64 1.0.1 5.00 55.00 60.00 OK

Check Details

Version: 1.0.1
Check: Rd files
Result: NOTE checkRd: (-1) HOasso.Rd:43: Lost braces; missing escapes or markup? 43 | Arguments \code{x} and {y} are \code{character} objects and can assume values \code{"sout"}, \code{"dout"}, \code{"lout"}, \code{"sin"}, \code{"din"}, \code{"lin"} representing the out-strength, out-degree, out-log-strength, in-strength, in-degree, and in-log-strength respectively. | ^ Flavors: r-devel-linux-x86_64-debian-clang, r-devel-linux-x86_64-debian-gcc, r-devel-linux-x86_64-fedora-clang, r-devel-linux-x86_64-fedora-gcc, r-devel-windows-x86_64, r-patched-linux-x86_64, r-release-linux-x86_64, r-release-macos-arm64, r-release-windows-x86_64