Last updated on 2024-04-23 22:55:24 CEST.
Flavor | Version | Tinstall | Tcheck | Ttotal | Status | Flags |
---|---|---|---|---|---|---|
r-devel-linux-x86_64-debian-clang | 1.0.0 | 3.47 | 33.01 | 36.48 | NOTE | |
r-devel-linux-x86_64-debian-gcc | 1.0.0 | 2.49 | 25.04 | 27.53 | NOTE | |
r-devel-linux-x86_64-fedora-clang | 1.0.0 | 45.04 | NOTE | |||
r-devel-linux-x86_64-fedora-gcc | 1.0.0 | 42.48 | NOTE | |||
r-prerel-macos-arm64 | 1.0.0 | 16.00 | NOTE | |||
r-prerel-windows-x86_64 | 1.0.0 | 4.00 | 46.00 | 50.00 | NOTE | |
r-patched-linux-x86_64 | 1.0.0 | 3.46 | 31.73 | 35.19 | NOTE | |
r-release-linux-x86_64 | 1.0.0 | 2.70 | 31.21 | 33.91 | NOTE | |
r-release-macos-arm64 | 1.0.0 | 18.00 | NOTE | |||
r-release-macos-x86_64 | 1.0.0 | 26.00 | NOTE | |||
r-release-windows-x86_64 | 1.0.0 | 3.00 | 48.00 | 51.00 | NOTE | |
r-oldrel-macos-arm64 | 1.0.0 | 19.00 | NOTE | |||
r-oldrel-windows-x86_64 | 1.0.0 | 4.00 | 52.00 | 56.00 | NOTE |
Version: 1.0.0
Check: Rd files
Result: NOTE
checkRd: (-1) HPLB.Rd:33: Lost braces in \itemize; meant \describe ?
checkRd: (-1) HPLB.Rd:34: Lost braces in \itemize; meant \describe ?
checkRd: (-1) HPLB.Rd:35: Lost braces in \itemize; meant \describe ?
checkRd: (-1) HPLB.Rd:36: Lost braces in \itemize; meant \describe ?
checkRd: (-1) HPLB.Rd:37: Lost braces in \itemize; meant \describe ?
checkRd: (-1) HPLB.Rd:38: Lost braces in \itemize; meant \describe ?
Flavors: r-devel-linux-x86_64-debian-clang, r-devel-linux-x86_64-debian-gcc, r-devel-linux-x86_64-fedora-clang, r-devel-linux-x86_64-fedora-gcc, r-prerel-macos-arm64, r-prerel-windows-x86_64, r-patched-linux-x86_64
Version: 1.0.0
Check: LazyData
Result: NOTE
'LazyData' is specified without a 'data' directory
Flavors: r-devel-linux-x86_64-debian-clang, r-devel-linux-x86_64-debian-gcc, r-devel-linux-x86_64-fedora-clang, r-devel-linux-x86_64-fedora-gcc, r-prerel-macos-arm64, r-prerel-windows-x86_64, r-patched-linux-x86_64, r-release-linux-x86_64, r-release-macos-arm64, r-release-macos-x86_64, r-release-windows-x86_64, r-oldrel-macos-arm64, r-oldrel-windows-x86_64