CRAN Package Check Results for Package HRM

Last updated on 2023-10-02 22:08:01 CEST.

Flavor Version Tinstall Tcheck Ttotal Status Flags
r-devel-linux-x86_64-debian-clang 1.2.1 39.29 252.70 291.99 NOTE
r-devel-linux-x86_64-debian-gcc 1.2.1 30.50 199.49 229.99 NOTE
r-devel-linux-x86_64-fedora-clang 1.2.1 369.26 NOTE
r-devel-linux-x86_64-fedora-gcc 1.2.1 369.13 NOTE
r-devel-windows-x86_64 1.2.1 34.00 199.00 233.00 NOTE
r-patched-linux-x86_64 1.2.1 29.15 240.85 270.00 NOTE
r-release-linux-x86_64 1.2.1 37.15 237.43 274.58 NOTE
r-release-macos-arm64 1.2.1 99.00 NOTE
r-release-macos-x86_64 1.2.1 134.00 NOTE
r-release-windows-x86_64 1.2.1 43.00 239.00 282.00 NOTE
r-oldrel-macos-arm64 1.2.1 133.00 NOTE
r-oldrel-macos-x86_64 1.2.1 225.00 NOTE
r-oldrel-windows-x86_64 1.2.1 42.00 227.00 269.00 NOTE

Check Details

Version: 1.2.1
Check: package dependencies
Result: NOTE
    Packages suggested but not available for checking: 'RGtk2', 'cairoDevice'
Flavors: r-devel-linux-x86_64-debian-clang, r-devel-linux-x86_64-debian-gcc, r-devel-linux-x86_64-fedora-clang, r-devel-linux-x86_64-fedora-gcc, r-devel-windows-x86_64, r-patched-linux-x86_64, r-release-linux-x86_64, r-release-macos-arm64, r-release-macos-x86_64, r-release-windows-x86_64, r-oldrel-macos-arm64, r-oldrel-macos-x86_64, r-oldrel-windows-x86_64

Version: 1.2.1
Check: C++ specification
Result: NOTE
     Specified C++11: please drop specification unless essential
Flavors: r-devel-linux-x86_64-debian-clang, r-devel-linux-x86_64-debian-gcc, r-devel-linux-x86_64-fedora-clang, r-devel-linux-x86_64-fedora-gcc, r-devel-windows-x86_64, r-patched-linux-x86_64, r-release-linux-x86_64, r-release-macos-arm64, r-release-macos-x86_64, r-release-windows-x86_64

Version: 1.2.1
Check: Rd \usage sections
Result: NOTE
    Documented arguments not in \usage in documentation object '.E3':
     ‘i’ ‘M’
    
    Documented arguments not in \usage in documentation object '.E4':
     ‘i’ ‘M’
    
    Documented arguments not in \usage in documentation object 'hrm.0w.2s':
     ‘group’
    
    Documented arguments not in \usage in documentation object 'hrm.0w.3s':
     ‘group’
    
    Documented arguments not in \usage in documentation object 'hrm.0w.4s':
     ‘group’
    
    Documented arguments not in \usage in documentation object 'hrm.0w.5s':
     ‘group’
    
    Documented arguments not in \usage in documentation object 'hrm.1f':
     ‘group’
    
    Documented arguments not in \usage in documentation object 'hrm.1w.0f':
     ‘factor1’
    
    Documented arguments not in \usage in documentation object 'hrm.2w.2f':
     ‘factor’
    
    Documented arguments not in \usage in documentation object 'hrm.mv.1w.1f':
     ‘H’ ‘text’
    
    Documented arguments not in \usage in documentation object 'hrm.mv.internal':
     ‘alpha’ ‘H’ ‘text’
    
    Documented arguments not in \usage in documentation object 'hrm.test.1.none':
     ‘factor1’ ‘factor2’
    
    Documented arguments not in \usage in documentation object 'hrm.test.1.one':
     ‘group’ ‘factor2’
    
    Documented arguments not in \usage in documentation object 'hrm.test.2.one':
     ‘factor2’
    
    Documented arguments not in \usage in documentation object 'hrm.test.2.two':
     ‘group’
    
    Documented arguments not in \usage in documentation object 'hrm.test.3.three':
     ‘group’
    
    Documented arguments not in \usage in documentation object 'hrm.test.4.four':
     ‘group’
    
    Documented arguments not in \usage in documentation object 'hrm.test.5.five':
     ‘group’
    
    Functions with \usage entries need to have the appropriate \alias
    entries, and all their arguments documented.
    The \usage entries must correspond to syntactically valid R code.
    See chapter ‘Writing R documentation files’ in the ‘Writing R
    Extensions’ manual.
Flavors: r-devel-linux-x86_64-debian-clang, r-devel-linux-x86_64-debian-gcc, r-devel-linux-x86_64-fedora-clang, r-devel-linux-x86_64-fedora-gcc, r-devel-windows-x86_64