CRAN Package Check Results for Package HSAR

Last updated on 2021-10-20 23:50:12 CEST.

Flavor Version Tinstall Tcheck Ttotal Status Flags
r-devel-linux-x86_64-debian-clang 0.5.1 161.51 329.28 490.79 OK
r-devel-linux-x86_64-debian-gcc 0.5.1 119.80 248.83 368.63 OK
r-devel-linux-x86_64-fedora-clang 0.5.1 650.50 NOTE
r-devel-linux-x86_64-fedora-gcc 0.5.1 619.97 OK
r-devel-windows-x86_64 0.5.1 209.00 369.00 578.00 OK
r-devel-windows-x86_64-gcc10-UCRT 0.5.1 OK
r-patched-linux-x86_64 0.5.1 146.59 323.55 470.14 OK
r-patched-solaris-x86 0.5.1 736.90 OK
r-release-linux-x86_64 0.5.1 141.95 323.68 465.63 OK
r-release-macos-arm64 0.5.1 NOTE
r-release-macos-x86_64 0.5.1 NOTE
r-release-windows-ix86+x86_64 0.5.1 290.00 488.00 778.00 OK
r-oldrel-macos-x86_64 0.5.1 NOTE
r-oldrel-windows-ix86+x86_64 0.5.1 388.00 315.00 703.00 OK

Check Details

Version: 0.5.1
Check: installed package size
Result: NOTE
     installed size is 9.1Mb
     sub-directories of 1Mb or more:
     libs 8.5Mb
Flavors: r-devel-linux-x86_64-fedora-clang, r-release-macos-arm64, r-release-macos-x86_64, r-oldrel-macos-x86_64