CRAN Package Check Results for Package HSAUR3

Last updated on 2019-08-18 22:46:58 CEST.

Flavor Version Tinstall Tcheck Ttotal Status Flags
r-devel-linux-x86_64-debian-clang 1.0-9 3.48 212.64 216.12 OK
r-devel-linux-x86_64-debian-gcc 1.0-9 3.09 166.60 169.69 OK
r-devel-linux-x86_64-fedora-clang 1.0-9 276.92 NOTE
r-devel-linux-x86_64-fedora-gcc 1.0-9 270.15 OK
r-devel-windows-ix86+x86_64 1.0-9 18.00 118.00 136.00 OK --no-vignettes
r-patched-linux-x86_64 1.0-9 3.57 206.87 210.44 OK
r-patched-solaris-x86 1.0-9 413.50 NOTE
r-release-linux-x86_64 1.0-9 3.86 209.56 213.42 OK
r-release-windows-ix86+x86_64 1.0-9 10.00 63.00 73.00 OK --no-vignettes
r-release-osx-x86_64 1.0-9 OK
r-oldrel-windows-ix86+x86_64 1.0-9 15.00 64.00 79.00 OK --no-vignettes
r-oldrel-osx-x86_64 1.0-9 OK

Check Details

Version: 1.0-9
Check: installed package size
Result: NOTE
     installed size is 5.0Mb
     sub-directories of 1Mb or more:
     doc 3.7Mb
Flavors: r-devel-linux-x86_64-fedora-clang, r-patched-solaris-x86