CRAN Package Check Results for Package HSAUR3

Last updated on 2019-12-11 22:51:09 CET.

Flavor Version Tinstall Tcheck Ttotal Status Flags
r-devel-linux-x86_64-debian-clang 1.0-9 4.01 217.82 221.83 OK
r-devel-linux-x86_64-debian-gcc 1.0-9 3.19 171.36 174.55 OK
r-devel-linux-x86_64-fedora-clang 1.0-9 296.67 NOTE
r-devel-linux-x86_64-fedora-gcc 1.0-9 293.49 OK
r-devel-windows-ix86+x86_64 1.0-9 9.00 97.00 106.00 OK --no-vignettes
r-devel-windows-ix86+x86_64-gcc8 1.0-9 11.00 82.00 93.00 OK --no-vignettes
r-patched-linux-x86_64 1.0-9 3.92 205.11 209.03 OK
r-patched-solaris-x86 1.0-9 389.40 NOTE
r-release-linux-x86_64 1.0-9 3.41 204.02 207.43 OK
r-release-windows-ix86+x86_64 1.0-9 10.00 53.00 63.00 OK --no-vignettes
r-release-osx-x86_64 1.0-9 OK
r-oldrel-windows-ix86+x86_64 1.0-9 8.00 82.00 90.00 OK --no-vignettes
r-oldrel-osx-x86_64 1.0-9 OK

Check Details

Version: 1.0-9
Check: installed package size
Result: NOTE
     installed size is 5.0Mb
     sub-directories of 1Mb or more:
     doc 3.7Mb
Flavors: r-devel-linux-x86_64-fedora-clang, r-patched-solaris-x86