Last updated on 2023-10-04 00:01:49 CEST.
Flavor | Version | Tinstall | Tcheck | Ttotal | Status | Flags |
---|---|---|---|---|---|---|
r-devel-linux-x86_64-debian-clang | 1.2.2 | 3.81 | 138.50 | 142.31 | OK | |
r-devel-linux-x86_64-debian-gcc | 1.2.2 | 3.71 | 105.78 | 109.49 | OK | |
r-devel-linux-x86_64-fedora-clang | 1.2.2 | 171.18 | NOTE | |||
r-devel-linux-x86_64-fedora-gcc | 1.2.2 | 193.82 | NOTE | |||
r-devel-windows-x86_64 | 1.2.2 | 6.00 | 154.00 | 160.00 | OK | |
r-patched-linux-x86_64 | 1.2.2 | 3.18 | 132.46 | 135.64 | OK | |
r-release-linux-x86_64 | 1.2.2 | 3.21 | 134.98 | 138.19 | OK | |
r-release-macos-arm64 | 1.2.2 | 72.00 | OK | |||
r-release-macos-x86_64 | 1.2.2 | 104.00 | OK | |||
r-release-windows-x86_64 | 1.2.2 | 7.00 | 173.00 | 180.00 | OK | |
r-oldrel-macos-arm64 | 1.2.2 | 68.00 | OK | |||
r-oldrel-macos-x86_64 | 1.2.2 | 83.00 | OK | |||
r-oldrel-windows-x86_64 | 1.2.2 | 7.00 | 175.00 | 182.00 | OK |
Version: 1.2.2
Check: dependencies in R code
Result: NOTE
Namespaces in Imports field not imported from:
‘recipes’ ‘tune’
All declared Imports should be used.
Flavors: r-devel-linux-x86_64-fedora-clang, r-devel-linux-x86_64-fedora-gcc