Last updated on 2024-03-27 22:57:47 CET.
Flavor | Version | Tinstall | Tcheck | Ttotal | Status | Flags |
---|---|---|---|---|---|---|
r-devel-linux-x86_64-debian-clang | 2.0.11 | 7.40 | 62.19 | 69.59 | OK | |
r-devel-linux-x86_64-debian-gcc | 2.0.11 | 5.34 | 47.55 | 52.89 | OK | |
r-devel-linux-x86_64-fedora-clang | 2.0.11 | 93.24 | OK | |||
r-devel-linux-x86_64-fedora-gcc | 2.0.11 | 93.30 | OK | |||
r-devel-windows-x86_64 | 2.0.11 | 6.00 | 71.00 | 77.00 | OK | |
r-patched-linux-x86_64 | 2.0.11 | 9.03 | 59.78 | 68.81 | OK | |
r-release-linux-x86_64 | 2.0.11 | 5.63 | 58.19 | 63.82 | OK | |
r-release-macos-arm64 | 2.0.11 | 41.00 | NOTE | |||
r-release-macos-x86_64 | 2.0.11 | 92.00 | NOTE | |||
r-release-windows-x86_64 | 2.0.11 | 6.00 | 77.00 | 83.00 | OK | |
r-oldrel-macos-arm64 | 2.0.11 | 33.00 | OK | |||
r-oldrel-windows-x86_64 | 2.0.11 | 10.00 | 79.00 | 89.00 | OK |
Version: 2.0.11
Check: package dependencies
Result: NOTE
Package suggested but not available for checking: ‘HTSFilter’
Flavors: r-release-macos-arm64, r-release-macos-x86_64