CRAN Package Check Results for Package HTSSIP

Last updated on 2021-06-12 22:55:10 CEST.

Flavor Version Tinstall Tcheck Ttotal Status Flags
r-devel-linux-x86_64-debian-clang 1.4.1 8.29 218.77 227.06 OK --no-vignettes
r-devel-linux-x86_64-debian-gcc 1.4.1 6.38 166.00 172.38 OK --no-vignettes
r-devel-linux-x86_64-fedora-clang 1.4.1 1718.14 NOTE
r-devel-linux-x86_64-fedora-gcc 1.4.1 1709.52 NOTE
r-devel-windows-x86_64 1.4.1 17.00 196.00 213.00 OK --no-vignettes
r-devel-windows-x86_64-gcc10-UCRT 1.4.1 ERROR
r-patched-linux-x86_64 1.4.1 7.92 206.94 214.86 OK --no-vignettes
r-patched-solaris-x86 1.4.1 3137.00 NOTE
r-release-linux-x86_64 1.4.1 7.34 209.65 216.99 OK --no-vignettes
r-release-macos-arm64 1.4.1 ERROR
r-release-macos-x86_64 1.4.1 NOTE
r-release-windows-ix86+x86_64 1.4.1 20.00 285.00 305.00 OK --no-vignettes
r-oldrel-macos-x86_64 1.4.1 NOTE
r-oldrel-windows-ix86+x86_64 1.4.1 22.00 237.00 259.00 OK --no-vignettes

Check Details

Version: 1.4.1
Check: dependencies in R code
Result: NOTE
    Namespace in Imports field not imported from: ‘igraph’
     All declared Imports should be used.
Flavors: r-devel-linux-x86_64-fedora-clang, r-devel-linux-x86_64-fedora-gcc, r-patched-solaris-x86, r-release-macos-x86_64, r-oldrel-macos-x86_64

Version: 1.4.1
Check: package dependencies
Result: ERROR
    Package required but not available: 'phyloseq'
    
    See section 'The DESCRIPTION file' in the 'Writing R Extensions'
    manual.
Flavor: r-devel-windows-x86_64-gcc10-UCRT

Version: 1.4.1
Check: package dependencies
Result: ERROR
    Packages required but not available: 'DESeq2', 'phyloseq'
    
    See section ‘The DESCRIPTION file’ in the ‘Writing R Extensions’
    manual.
Flavor: r-release-macos-arm64