CRAN Package Check Results for Package HWxtest

Last updated on 2019-09-22 22:46:48 CEST.

Flavor Version Tinstall Tcheck Ttotal Status Flags
r-devel-linux-x86_64-debian-clang 1.1.9 4.25 63.10 67.35 OK
r-devel-linux-x86_64-debian-gcc 1.1.9 3.28 51.25 54.53 OK
r-devel-linux-x86_64-fedora-clang 1.1.9 80.31 NOTE
r-devel-linux-x86_64-fedora-gcc 1.1.9 84.68 NOTE
r-devel-windows-ix86+x86_64 1.1.9 27.00 133.00 160.00 OK
r-patched-linux-x86_64 1.1.9 3.79 64.74 68.53 OK
r-patched-solaris-x86 1.1.9 201.50 OK
r-release-linux-x86_64 1.1.9 4.27 63.86 68.13 OK
r-release-windows-ix86+x86_64 1.1.9 28.00 131.00 159.00 OK
r-release-osx-x86_64 1.1.9 OK
r-oldrel-windows-ix86+x86_64 1.1.9 12.00 90.00 102.00 OK
r-oldrel-osx-x86_64 1.1.9 OK

Check Details

Version: 1.1.9
Check: compiled code
Result: NOTE
    File ‘HWxtest/libs/HWxtest.so’:
     Found no calls to: ‘R_registerRoutines’, ‘R_useDynamicSymbols’
    
    It is good practice to register native routines and to disable symbol
    search.
    
    See ‘Writing portable packages’ in the ‘Writing R Extensions’ manual.
Flavors: r-devel-linux-x86_64-fedora-clang, r-devel-linux-x86_64-fedora-gcc