CRAN Package Check Results for Package HaDeX

Last updated on 2022-07-03 22:50:35 CEST.

Flavor Version Tinstall Tcheck Ttotal Status Flags
r-devel-linux-x86_64-debian-clang 1.2.2 10.88 156.79 167.67 OK
r-devel-linux-x86_64-debian-gcc 1.2.2 8.18 113.11 121.29 OK
r-devel-linux-x86_64-fedora-clang 1.2.2 208.04 NOTE
r-devel-linux-x86_64-fedora-gcc 1.2.2 195.83 NOTE
r-devel-windows-x86_64 1.2.2 47.00 187.00 234.00 NOTE
r-patched-linux-x86_64 1.2.2 14.67 145.46 160.13 OK
r-release-linux-x86_64 1.2.2 8.78 144.11 152.89 OK
r-release-macos-arm64 1.2.2 57.00 NOTE
r-release-macos-x86_64 1.2.2 113.00 NOTE
r-release-windows-x86_64 1.2.2 67.00 193.00 260.00 NOTE
r-oldrel-macos-arm64 1.2.2 87.00 NOTE
r-oldrel-macos-x86_64 1.2.2 78.00 NOTE
r-oldrel-windows-ix86+x86_64 1.2.2 25.00 184.00 209.00 NOTE

Check Details

Version: 1.2.2
Check: installed package size
Result: NOTE
     installed size is 8.2Mb
     sub-directories of 1Mb or more:
     HaDeX 4.1Mb
     doc 4.0Mb
Flavors: r-devel-linux-x86_64-fedora-clang, r-devel-windows-x86_64, r-release-macos-arm64, r-release-macos-x86_64, r-release-windows-x86_64, r-oldrel-macos-arm64, r-oldrel-macos-x86_64, r-oldrel-windows-ix86+x86_64

Version: 1.2.2
Check: dependencies in R code
Result: NOTE
    Namespaces in Imports field not imported from:
     ‘DT’ ‘gsubfn’ ‘stringr’
     All declared Imports should be used.
Flavors: r-devel-linux-x86_64-fedora-clang, r-devel-linux-x86_64-fedora-gcc, r-release-macos-arm64, r-release-macos-x86_64, r-oldrel-macos-arm64, r-oldrel-macos-x86_64