CRAN Package Check Results for Package HadamardR

Last updated on 2024-05-18 22:27:37 CEST.

Flavor Version Tinstall Tcheck Ttotal Status Flags
r-devel-linux-x86_64-debian-clang 1.0.0 4.34 37.41 41.75 NOTE
r-devel-linux-x86_64-debian-gcc 1.0.0 4.28 27.78 32.06 NOTE
r-devel-linux-x86_64-fedora-clang 1.0.0 52.82 NOTE
r-devel-linux-x86_64-fedora-gcc 1.0.0 50.04 NOTE
r-devel-windows-x86_64 1.0.0 5.00 57.00 62.00 NOTE
r-patched-linux-x86_64 1.0.0 4.86 36.14 41.00 NOTE
r-release-linux-x86_64 1.0.0 5.25 35.34 40.59 NOTE
r-release-macos-arm64 1.0.0 17.00 NOTE
r-release-windows-x86_64 1.0.0 6.00 58.00 64.00 NOTE
r-oldrel-macos-arm64 1.0.0 19.00 NOTE
r-oldrel-macos-x86_64 1.0.0 29.00 NOTE
r-oldrel-windows-x86_64 1.0.0 5.00 65.00 70.00 NOTE

Check Details

Version: 1.0.0
Check: LazyData
Result: NOTE 'LazyData' is specified without a 'data' directory Flavors: r-devel-linux-x86_64-debian-clang, r-devel-linux-x86_64-debian-gcc, r-devel-linux-x86_64-fedora-clang, r-devel-linux-x86_64-fedora-gcc, r-devel-windows-x86_64, r-patched-linux-x86_64, r-release-linux-x86_64, r-release-macos-arm64, r-release-windows-x86_64, r-oldrel-macos-arm64, r-oldrel-macos-x86_64, r-oldrel-windows-x86_64