CRAN Package Check Results for Package HextractoR

Last updated on 2023-09-23 23:00:48 CEST.

Flavor Version Tinstall Tcheck Ttotal Status Flags
r-devel-linux-x86_64-debian-clang 1.4 3.71 32.51 36.22 NOTE
r-devel-linux-x86_64-debian-gcc 1.4 2.37 27.91 30.28 NOTE
r-devel-linux-x86_64-fedora-clang 1.4 44.55 NOTE
r-devel-linux-x86_64-fedora-gcc 1.4 45.28 NOTE
r-devel-windows-x86_64 1.4 5.00 46.00 51.00 NOTE
r-patched-linux-x86_64 1.4 3.55 31.61 35.16 NOTE
r-release-linux-x86_64 1.4 3.16 31.60 34.76 NOTE
r-release-macos-arm64 1.4 20.00 NOTE
r-release-macos-x86_64 1.4 26.00 NOTE
r-release-windows-x86_64 1.4 6.00 46.00 52.00 NOTE
r-oldrel-macos-arm64 1.4 15.00 NOTE
r-oldrel-macos-x86_64 1.4 23.00 NOTE
r-oldrel-windows-x86_64 1.4 7.00 52.00 59.00 NOTE

Check Details

Version: 1.4
Check: LazyData
Result: NOTE
     'LazyData' is specified without a 'data' directory
Flavors: r-devel-linux-x86_64-debian-clang, r-devel-linux-x86_64-debian-gcc, r-devel-linux-x86_64-fedora-clang, r-devel-linux-x86_64-fedora-gcc, r-devel-windows-x86_64, r-patched-linux-x86_64, r-release-linux-x86_64, r-release-macos-arm64, r-release-macos-x86_64, r-release-windows-x86_64, r-oldrel-macos-arm64, r-oldrel-macos-x86_64, r-oldrel-windows-x86_64