CRAN Package Check Results for Package HiCglmi

Last updated on 2019-07-22 22:48:02 CEST.

Flavor Version Tinstall Tcheck Ttotal Status Flags
r-devel-linux-x86_64-debian-clang 1.3 27.99 261.44 289.43 OK
r-devel-linux-x86_64-debian-gcc 1.3 27.23 210.05 237.28 OK
r-devel-linux-x86_64-fedora-clang 1.3 364.47 OK
r-devel-linux-x86_64-fedora-gcc 1.3 354.85 OK
r-devel-windows-ix86+x86_64 1.3 51.00 333.00 384.00 OK
r-patched-linux-x86_64 1.3 31.13 258.20 289.33 OK
r-patched-solaris-x86 1.3 527.50 OK
r-release-linux-x86_64 1.3 25.46 256.14 281.60 OK
r-release-windows-ix86+x86_64 1.3 50.00 245.00 295.00 OK
r-release-osx-x86_64 1.3 ERROR
r-oldrel-windows-ix86+x86_64 1.3 43.00 234.00 277.00 OK
r-oldrel-osx-x86_64 1.3 ERROR

Check Details

Version: 1.3
Check: package dependencies
Result: ERROR
    Packages required but not available:
     'IRanges', 'GenomeInfoDb', 'GenomicRanges', 'rtracklayer', 'HiTC',
     'S4Vectors'
    
    See section ‘The DESCRIPTION file’ in the ‘Writing R Extensions’
    manual.
Flavor: r-release-osx-x86_64

Version: 1.3
Check: package dependencies
Result: ERROR
    Packages required but not available: ‘rtracklayer’ ‘HiTC’
    
    See section ‘The DESCRIPTION file’ in the ‘Writing R Extensions’
    manual.
Flavor: r-oldrel-osx-x86_64