CRAN Package Check Results for Package HiCglmi

Last updated on 2019-11-18 22:47:12 CET.

Flavor Version Tinstall Tcheck Ttotal Status Flags
r-devel-linux-x86_64-debian-clang 1.4 30.82 284.79 315.61 NOTE
r-devel-linux-x86_64-debian-gcc 1.4 28.43 232.28 260.71 NOTE
r-devel-linux-x86_64-fedora-clang 1.4 369.88 NOTE
r-devel-linux-x86_64-fedora-gcc 1.4 405.28 NOTE
r-devel-windows-ix86+x86_64 1.4 76.00 261.00 337.00 NOTE
r-patched-linux-x86_64 1.4 29.30 262.86 292.16 NOTE
r-patched-solaris-x86 1.4 557.70 NOTE
r-release-linux-x86_64 1.4 26.43 254.79 281.22 NOTE
r-release-windows-ix86+x86_64 1.4 59.00 241.00 300.00 NOTE
r-release-osx-x86_64 1.4 ERROR
r-oldrel-windows-ix86+x86_64 1.4 35.00 311.00 346.00 OK
r-oldrel-osx-x86_64 1.4 ERROR

Check Details

Version: 1.4
Check: R code for possible problems
Result: NOTE
    HiCglmiModel: no visible global function definition for
     'deviance.glmnet'
    Undefined global functions or variables:
     deviance.glmnet
Flavors: r-devel-linux-x86_64-debian-clang, r-devel-linux-x86_64-debian-gcc, r-devel-linux-x86_64-fedora-clang, r-devel-linux-x86_64-fedora-gcc, r-devel-windows-ix86+x86_64, r-patched-linux-x86_64, r-patched-solaris-x86, r-release-linux-x86_64, r-release-windows-ix86+x86_64

Version: 1.4
Check: package dependencies
Result: ERROR
    Package required but not available: ‘HiTC’
    
    See section ‘The DESCRIPTION file’ in the ‘Writing R Extensions’
    manual.
Flavor: r-release-osx-x86_64

Version: 1.4
Check: package dependencies
Result: ERROR
    Packages required but not available: ‘rtracklayer’ ‘HiTC’
    
    See section ‘The DESCRIPTION file’ in the ‘Writing R Extensions’
    manual.
Flavor: r-oldrel-osx-x86_64