Last updated on 2024-03-28 23:01:46 CET.
Flavor | Version | Tinstall | Tcheck | Ttotal | Status | Flags |
---|---|---|---|---|---|---|
r-devel-linux-x86_64-debian-clang | 1.0.8 | 77.14 | 156.66 | 233.80 | OK | |
r-devel-linux-x86_64-debian-gcc | 1.0.8 | 57.90 | 115.72 | 173.62 | OK | |
r-devel-linux-x86_64-fedora-clang | 1.0.8 | 300.79 | OK | |||
r-devel-linux-x86_64-fedora-gcc | 1.0.8 | 299.81 | OK | |||
r-devel-windows-x86_64 | 1.0.8 | 61.00 | 160.00 | 221.00 | OK | |
r-patched-linux-x86_64 | 1.0.8 | 50.15 | 147.94 | 198.09 | OK | |
r-release-linux-x86_64 | 1.0.8 | 71.77 | 153.74 | 225.51 | OK | |
r-release-macos-arm64 | 1.0.8 | 81.00 | NOTE | |||
r-release-macos-x86_64 | 1.0.8 | 176.00 | NOTE | |||
r-release-windows-x86_64 | 1.0.8 | 75.00 | 208.00 | 283.00 | OK | |
r-oldrel-macos-arm64 | 1.0.8 | 80.00 | NOTE | |||
r-oldrel-windows-x86_64 | 1.0.8 | 73.00 | 188.00 | 261.00 | OK |
Version: 1.0.8
Check: installed package size
Result: NOTE
installed size is 6.9Mb
sub-directories of 1Mb or more:
data 1.0Mb
libs 4.9Mb
Flavors: r-release-macos-arm64, r-release-macos-x86_64, r-oldrel-macos-arm64