CRAN Package Check Results for Package HotellingEllipse

Last updated on 2021-11-26 23:03:27 CET.

Flavor Version Tinstall Tcheck Ttotal Status Flags
r-devel-linux-x86_64-debian-clang 0.1.1 4.92 39.31 44.23 OK
r-devel-linux-x86_64-debian-gcc 0.1.1 4.43 30.78 35.21 OK
r-devel-linux-x86_64-fedora-clang 0.1.1 65.74 NOTE
r-devel-linux-x86_64-fedora-gcc 0.1.1 54.35 NOTE
r-devel-windows-x86_64-new-UL 0.1.1 12.00 81.00 93.00 OK
r-devel-windows-x86_64-new-TK 0.1.1 NOTE
r-devel-windows-x86_64-old 0.1.1 8.00 56.00 64.00 OK
r-patched-linux-x86_64 0.1.1 4.66 36.97 41.63 OK
r-patched-solaris-x86 0.1.1 95.30 NOTE
r-release-linux-x86_64 0.1.1 OK
r-release-macos-arm64 0.1.1 NOTE
r-release-macos-x86_64 0.1.1 NOTE
r-release-windows-ix86+x86_64 0.1.1 11.00 62.00 73.00 OK
r-oldrel-macos-x86_64 0.1.1 NOTE
r-oldrel-windows-ix86+x86_64 0.1.1 18.00 61.00 79.00 OK

Check Details

Version: 0.1.1
Check: dependencies in R code
Result: NOTE
    Namespaces in Imports field not imported from:
     ‘FactoMineR’ ‘dplyr’ ‘ggforce’ ‘ggplot2’ ‘lifecycle’ ‘purrr’
     All declared Imports should be used.
Flavors: r-devel-linux-x86_64-fedora-clang, r-devel-linux-x86_64-fedora-gcc, r-devel-windows-x86_64-new-TK, r-patched-solaris-x86, r-release-macos-arm64, r-release-macos-x86_64, r-oldrel-macos-x86_64