CRAN Package Check Results for Package IAPWS95

Last updated on 2020-02-24 22:50:26 CET.

Flavor Version Tinstall Tcheck Ttotal Status Flags
r-devel-linux-x86_64-debian-clang 1.1.0 8.51 37.54 46.05 OK
r-devel-linux-x86_64-debian-gcc 1.1.0 8.68 29.73 38.41 OK
r-devel-linux-x86_64-fedora-clang 1.1.0 61.98 NOTE
r-devel-linux-x86_64-fedora-gcc 1.1.0 57.63 NOTE
r-devel-windows-ix86+x86_64 1.1.0 22.00 70.00 92.00 OK
r-devel-windows-ix86+x86_64-gcc8 1.1.0 35.00 98.00 133.00 OK
r-patched-linux-x86_64 1.1.0 8.62 34.61 43.23 OK
r-patched-solaris-x86 1.1.0 1977.40 ERROR
r-release-linux-x86_64 1.1.0 7.91 34.41 42.32 OK
r-release-windows-ix86+x86_64 1.1.0 26.00 61.00 87.00 OK
r-release-osx-x86_64 1.1.0 NOTE
r-oldrel-windows-ix86+x86_64 1.1.0 23.00 58.00 81.00 OK
r-oldrel-osx-x86_64 1.1.0 NOTE

Additional issues

LTO

Check Details

Version: 1.1.0
Check: dependencies in R code
Result: NOTE
    Namespaces in Imports field not imported from:
     ‘Rcpp’ ‘ggplot2’ ‘pander’
     All declared Imports should be used.
Flavors: r-devel-linux-x86_64-fedora-clang, r-devel-linux-x86_64-fedora-gcc, r-patched-solaris-x86, r-release-osx-x86_64, r-oldrel-osx-x86_64

Version: 1.1.0
Check: data for non-ASCII characters
Result: NOTE
     Note: found 3 marked UTF-8 strings
Flavors: r-devel-linux-x86_64-fedora-clang, r-devel-linux-x86_64-fedora-gcc, r-patched-solaris-x86, r-release-osx-x86_64, r-oldrel-osx-x86_64

Version: 1.1.0
Check: examples
Result: ERROR
    Running examples in ‘IAPWS95-Ex.R’ failed
    The error most likely occurred in:
    
    > ### Name: TDh
    > ### Title: Temperature, Function of Density and Enthalpy
    > ### Aliases: TDh
    >
    > ### ** Examples
    >
    > D <- 838.025
    > h <- 977.181624
    > T_Dh <- TDh(D,h)
Flavor: r-patched-solaris-x86