CRAN Package Check Results for Package IAPWS95

Last updated on 2019-09-17 22:48:09 CEST.

Flavor Version Tinstall Tcheck Ttotal Status Flags
r-devel-linux-x86_64-debian-clang 1.1.0 9.16 32.74 41.90 OK
r-devel-linux-x86_64-debian-gcc 1.1.0 7.89 26.78 34.67 OK
r-devel-linux-x86_64-fedora-clang 1.1.0 53.79 NOTE
r-devel-linux-x86_64-fedora-gcc 1.1.0 53.22 NOTE
r-devel-windows-ix86+x86_64 1.1.0 34.00 92.00 126.00 OK
r-patched-linux-x86_64 1.1.0 8.20 33.32 41.52 OK
r-patched-solaris-x86 1.1.0 1914.60 ERROR
r-release-linux-x86_64 1.1.0 8.57 33.23 41.80 OK
r-release-windows-ix86+x86_64 1.1.0 26.00 68.00 94.00 OK
r-release-osx-x86_64 1.1.0 NOTE
r-oldrel-windows-ix86+x86_64 1.1.0 31.00 57.00 88.00 OK
r-oldrel-osx-x86_64 1.1.0 NOTE

Additional issues

LTO

Check Details

Version: 1.1.0
Check: dependencies in R code
Result: NOTE
    Namespaces in Imports field not imported from:
     ‘Rcpp’ ‘ggplot2’ ‘pander’
     All declared Imports should be used.
Flavors: r-devel-linux-x86_64-fedora-clang, r-devel-linux-x86_64-fedora-gcc, r-patched-solaris-x86, r-release-osx-x86_64, r-oldrel-osx-x86_64

Version: 1.1.0
Check: data for non-ASCII characters
Result: NOTE
     Note: found 3 marked UTF-8 strings
Flavors: r-devel-linux-x86_64-fedora-clang, r-devel-linux-x86_64-fedora-gcc, r-patched-solaris-x86, r-release-osx-x86_64, r-oldrel-osx-x86_64

Version: 1.1.0
Check: examples
Result: ERROR
    Running examples in ‘IAPWS95-Ex.R’ failed
    The error most likely occurred in:
    
    > ### Name: TDh
    > ### Title: Temperature, Function of Density and Enthalpy
    > ### Aliases: TDh
    >
    > ### ** Examples
    >
    > D <- 838.025
    > h <- 977.181624
    > T_Dh <- TDh(D,h)
Flavor: r-patched-solaris-x86