CRAN Package Check Results for Package IAbin

Last updated on 2021-11-27 22:56:59 CET.

Flavor Version Tinstall Tcheck Ttotal Status Flags
r-devel-linux-x86_64-debian-clang 1.0 NOTE
r-devel-linux-x86_64-debian-gcc 1.0 1.51 20.15 21.66 NOTE
r-devel-linux-x86_64-fedora-clang 1.0 45.33 OK
r-devel-linux-x86_64-fedora-gcc 1.0 33.96 OK
r-devel-windows-x86_64-new-UL 1.0 6.00 62.00 68.00 NOTE
r-devel-windows-x86_64-new-TK 1.0 OK
r-devel-windows-x86_64-old 1.0 5.00 40.00 45.00 NOTE
r-patched-linux-x86_64 1.0 1.83 22.56 24.39 NOTE
r-patched-solaris-x86 1.0 52.10 OK
r-release-linux-x86_64 1.0 NOTE
r-release-macos-arm64 1.0 OK
r-release-macos-x86_64 1.0 OK
r-release-windows-ix86+x86_64 1.0 5.00 44.00 49.00 NOTE
r-oldrel-macos-x86_64 1.0 OK
r-oldrel-windows-ix86+x86_64 1.0 5.00 39.00 44.00 NOTE

Check Details

Version: 1.0
Check: package vignettes
Result: NOTE
    Package vignette with placeholder title 'Vignette Title':
     'vignette-IAbin.Rmd'
Flavors: r-devel-linux-x86_64-debian-clang, r-devel-linux-x86_64-debian-gcc, r-devel-windows-x86_64-new-UL, r-devel-windows-x86_64-old, r-patched-linux-x86_64, r-release-linux-x86_64, r-release-windows-ix86+x86_64, r-oldrel-windows-ix86+x86_64